Last updated on 2025-04-30 04:50:12 CEST.
Flavor | Version | Tinstall | Tcheck | Ttotal | Status | Flags |
---|---|---|---|---|---|---|
r-devel-linux-x86_64-debian-clang | 0.4.2 | 7.15 | 58.68 | 65.83 | NOTE | |
r-devel-linux-x86_64-debian-gcc | 0.4.2 | 5.85 | 43.13 | 48.98 | NOTE | |
r-devel-linux-x86_64-fedora-clang | 0.4.2 | 102.01 | OK | |||
r-devel-linux-x86_64-fedora-gcc | 0.4.2 | 98.28 | OK | |||
r-devel-windows-x86_64 | 0.4.2 | 8.00 | 76.00 | 84.00 | OK | |
r-patched-linux-x86_64 | 0.4.2 | 7.17 | 56.02 | 63.19 | OK | |
r-release-linux-x86_64 | 0.4.2 | 6.80 | 56.28 | 63.08 | OK | |
r-release-macos-arm64 | 0.4.2 | 43.00 | OK | |||
r-release-macos-x86_64 | 0.4.2 | 64.00 | OK | |||
r-release-windows-x86_64 | 0.4.2 | 8.00 | 75.00 | 83.00 | OK | |
r-oldrel-macos-arm64 | 0.4.2 | 34.00 | OK | |||
r-oldrel-macos-x86_64 | 0.4.2 | 49.00 | OK | |||
r-oldrel-windows-x86_64 | 0.4.2 | 9.00 | 90.00 | 99.00 | OK |
Version: 0.4.2
Check: CRAN incoming feasibility
Result: NOTE
Maintainer: ‘WenSui Liu <liuwensui@gmail.com>’
No Authors@R field in DESCRIPTION.
Please add one, modifying
Authors@R: person(given = "WenSui",
family = "Liu",
role = c("aut", "cre"),
email = "liuwensui@gmail.com")
as necessary.
Flavors: r-devel-linux-x86_64-debian-clang, r-devel-linux-x86_64-debian-gcc