Last updated on 2025-04-30 04:50:12 CEST.
Flavor | Version | Tinstall | Tcheck | Ttotal | Status | Flags |
---|---|---|---|---|---|---|
r-devel-linux-x86_64-debian-clang | 1.2 | 5.64 | 42.99 | 48.63 | NOTE | |
r-devel-linux-x86_64-debian-gcc | 1.2 | 3.35 | 30.57 | 33.92 | NOTE | |
r-devel-linux-x86_64-fedora-clang | 1.2 | 77.33 | OK | |||
r-devel-linux-x86_64-fedora-gcc | 1.2 | 73.27 | OK | |||
r-devel-windows-x86_64 | 1.2 | 6.00 | 66.00 | 72.00 | OK | |
r-patched-linux-x86_64 | 1.2 | 6.31 | 40.80 | 47.11 | OK | |
r-release-linux-x86_64 | 1.2 | 4.60 | 40.63 | 45.23 | OK | |
r-release-macos-arm64 | 1.2 | 24.00 | OK | |||
r-release-macos-x86_64 | 1.2 | 56.00 | OK | |||
r-release-windows-x86_64 | 1.2 | 8.00 | 64.00 | 72.00 | OK | |
r-oldrel-macos-arm64 | 1.2 | 22.00 | OK | |||
r-oldrel-macos-x86_64 | 1.2 | 34.00 | OK | |||
r-oldrel-windows-x86_64 | 1.2 | 6.00 | 67.00 | 73.00 | OK |
Version: 1.2
Check: CRAN incoming feasibility
Result: NOTE
Maintainer: ‘Kamila Zychaluk <Kamila.Zychaluk@liverpool.ac.uk>’
The URL field contains the following bad parts:
www.R-project.org
The URL field should be a list of URLs separated by commas or
whitespace.
Flavors: r-devel-linux-x86_64-debian-clang, r-devel-linux-x86_64-debian-gcc