Last updated on 2025-04-30 04:50:12 CEST.
Flavor | Version | Tinstall | Tcheck | Ttotal | Status | Flags |
---|---|---|---|---|---|---|
r-devel-linux-x86_64-debian-clang | 1.3.1 | 28.70 | 293.25 | 321.95 | NOTE | |
r-devel-linux-x86_64-debian-gcc | 1.3.1 | 20.71 | 197.55 | 218.26 | NOTE | |
r-devel-linux-x86_64-fedora-clang | 1.3.1 | 526.24 | OK | |||
r-devel-linux-x86_64-fedora-gcc | 1.3.1 | 522.09 | OK | |||
r-devel-windows-x86_64 | 1.3.1 | 31.00 | 290.00 | 321.00 | OK | |
r-patched-linux-x86_64 | 1.3.1 | 32.49 | 267.10 | 299.59 | OK | |
r-release-linux-x86_64 | 1.3.1 | 27.11 | 268.44 | 295.55 | OK | |
r-release-macos-arm64 | 1.3.1 | 124.00 | OK | |||
r-release-macos-x86_64 | 1.3.1 | 326.00 | OK | |||
r-release-windows-x86_64 | 1.3.1 | 35.00 | 277.00 | 312.00 | OK | |
r-oldrel-macos-arm64 | 1.3.1 | 104.00 | OK | |||
r-oldrel-macos-x86_64 | 1.3.1 | 155.00 | OK | |||
r-oldrel-windows-x86_64 | 1.3.1 | 40.00 | 372.00 | 412.00 | OK |
Version: 1.3.1
Check: examples
Result: NOTE
Examples with CPU (user + system) or elapsed time > 5s
user system elapsed
parallel_start 0.012 0 9.691
Flavor: r-devel-linux-x86_64-debian-clang
Version: 1.3.1
Check: examples
Result: NOTE
Examples with CPU (user + system) or elapsed time > 5s
user system elapsed
parallel_start 0.018 0.036 6.507
Flavor: r-devel-linux-x86_64-debian-gcc