CRAN Package Check Results for Package modesto

Last updated on 2025-04-30 04:50:12 CEST.

Flavor Version Tinstall Tcheck Ttotal Status Flags
r-devel-linux-x86_64-debian-clang 0.1.4 15.62 67.28 82.90 NOTE
r-devel-linux-x86_64-debian-gcc 0.1.4 11.78 52.98 64.76 NOTE
r-devel-linux-x86_64-fedora-clang 0.1.4 134.27 OK
r-devel-linux-x86_64-fedora-gcc 0.1.4 129.11 OK
r-devel-windows-x86_64 0.1.4 20.00 96.00 116.00 OK
r-patched-linux-x86_64 0.1.4 13.20 65.83 79.03 OK
r-release-linux-x86_64 0.1.4 14.62 65.17 79.79 OK
r-release-macos-arm64 0.1.4 56.00 OK
r-release-macos-x86_64 0.1.4 78.00 OK
r-release-windows-x86_64 0.1.4 20.00 101.00 121.00 OK
r-oldrel-macos-arm64 0.1.4 46.00 OK
r-oldrel-macos-x86_64 0.1.4 57.00 OK
r-oldrel-windows-x86_64 0.1.4 22.00 114.00 136.00 OK

Check Details

Version: 0.1.4
Check: CRAN incoming feasibility
Result: NOTE Maintainer: ‘Carlos Alberto Cardozo Delgado <cardozorpackages@gmail.com>’ No Authors@R field in DESCRIPTION. Please add one, modifying Authors@R: person(given = c("Carlos", "Alberto", "Cardozo"), family = "Delgado", role = c("aut", "cre"), email = "cardozorpackages@gmail.com") as necessary. Flavors: r-devel-linux-x86_64-debian-clang, r-devel-linux-x86_64-debian-gcc