Last updated on 2025-04-30 04:50:12 CEST.
Flavor | Version | Tinstall | Tcheck | Ttotal | Status | Flags |
---|---|---|---|---|---|---|
r-devel-linux-x86_64-debian-clang | 0.2.2 | 4.75 | 31.73 | 36.48 | OK | |
r-devel-linux-x86_64-debian-gcc | 0.2.2 | 3.12 | 24.59 | 27.71 | OK | |
r-devel-linux-x86_64-fedora-clang | 0.2.2 | 54.98 | OK | |||
r-devel-linux-x86_64-fedora-gcc | 0.2.2 | 52.78 | OK | |||
r-devel-windows-x86_64 | 0.2.2 | 7.00 | 57.00 | 64.00 | OK | |
r-patched-linux-x86_64 | 0.2.2 | 4.37 | 30.26 | 34.63 | OK | |
r-release-linux-x86_64 | 0.2.2 | 3.79 | 30.52 | 34.31 | OK | |
r-release-macos-arm64 | 0.2.2 | 22.00 | OK | |||
r-release-macos-x86_64 | 0.2.2 | 38.00 | OK | |||
r-release-windows-x86_64 | 0.2.2 | 9.00 | 53.00 | 62.00 | OK | |
r-oldrel-macos-arm64 | 0.2.2 | 20.00 | NOTE | |||
r-oldrel-macos-x86_64 | 0.2.2 | 31.00 | NOTE | |||
r-oldrel-windows-x86_64 | 0.2.2 | 8.00 | 60.00 | 68.00 | NOTE |
Version: 0.2.2
Check: installed package size
Result: NOTE
installed size is 14.8Mb
sub-directories of 1Mb or more:
htmlwidgets 14.7Mb
Flavors: r-oldrel-macos-arm64, r-oldrel-macos-x86_64, r-oldrel-windows-x86_64