Last updated on 2025-02-22 05:51:44 CET.
Flavor | Version | Tinstall | Tcheck | Ttotal | Status | Flags |
---|---|---|---|---|---|---|
r-devel-linux-x86_64-debian-clang | 0.2.2 | 4.71 | 30.95 | 35.66 | OK | |
r-devel-linux-x86_64-debian-gcc | 0.2.2 | 2.99 | 23.62 | 26.61 | OK | |
r-devel-linux-x86_64-fedora-clang | 0.2.2 | 54.89 | OK | |||
r-devel-linux-x86_64-fedora-gcc | 0.2.2 | 51.90 | OK | |||
r-devel-macos-arm64 | 0.2.2 | 23.00 | OK | |||
r-devel-macos-x86_64 | 0.2.2 | 36.00 | OK | |||
r-devel-windows-x86_64 | 0.2.2 | 8.00 | 52.00 | 60.00 | OK | |
r-patched-linux-x86_64 | 0.2.2 | 4.46 | 30.07 | 34.53 | OK | |
r-release-linux-x86_64 | 0.2.2 | 4.01 | 29.50 | 33.51 | OK | |
r-release-macos-arm64 | 0.2.2 | 20.00 | NOTE | |||
r-release-macos-x86_64 | 0.2.2 | 31.00 | NOTE | |||
r-release-windows-x86_64 | 0.2.2 | 8.00 | 50.00 | 58.00 | NOTE | |
r-oldrel-macos-arm64 | 0.2.2 | 25.00 | NOTE | |||
r-oldrel-macos-x86_64 | 0.2.2 | 29.00 | NOTE | |||
r-oldrel-windows-x86_64 | 0.2.2 | 8.00 | 59.00 | 67.00 | NOTE |
Version: 0.2.2
Check: installed package size
Result: NOTE
installed size is 14.8Mb
sub-directories of 1Mb or more:
htmlwidgets 14.7Mb
Flavors: r-release-macos-arm64, r-release-macos-x86_64, r-release-windows-x86_64, r-oldrel-macos-arm64, r-oldrel-macos-x86_64, r-oldrel-windows-x86_64