Last updated on 2025-04-30 04:50:12 CEST.
Flavor | Version | Tinstall | Tcheck | Ttotal | Status | Flags |
---|---|---|---|---|---|---|
r-devel-linux-x86_64-debian-clang | 1.9-21 | 12.50 | 49.01 | 61.51 | NOTE | |
r-devel-linux-x86_64-debian-gcc | 1.9-21 | 9.91 | 35.30 | 45.21 | OK | |
r-devel-linux-x86_64-fedora-clang | 1.9-21 | 101.86 | OK | |||
r-devel-linux-x86_64-fedora-gcc | 1.9-21 | 96.78 | OK | |||
r-devel-windows-x86_64 | 1.9-21 | 20.00 | 88.00 | 108.00 | OK | |
r-patched-linux-x86_64 | 1.9-21 | 13.46 | 45.67 | 59.13 | OK | |
r-release-linux-x86_64 | 1.9-21 | 11.95 | 45.54 | 57.49 | OK | |
r-release-macos-arm64 | 1.9-21 | 33.00 | OK | |||
r-release-macos-x86_64 | 1.9-21 | 55.00 | OK | |||
r-release-windows-x86_64 | 1.9-21 | 20.00 | 87.00 | 107.00 | OK | |
r-oldrel-macos-arm64 | 1.9-21 | 35.00 | OK | |||
r-oldrel-macos-x86_64 | 1.9-21 | 59.00 | OK | |||
r-oldrel-windows-x86_64 | 1.9-21 | 19.00 | 96.00 | 115.00 | OK |
Version: 1.9-21
Check: examples
Result: NOTE
Examples with CPU (user + system) or elapsed time > 5s
user system elapsed
bmonomvn 5.216 0.003 6.548
Flavor: r-devel-linux-x86_64-debian-clang