Last updated on 2025-04-30 04:50:12 CEST.
Flavor | Version | Tinstall | Tcheck | Ttotal | Status | Flags |
---|---|---|---|---|---|---|
r-devel-linux-x86_64-debian-clang | 0.1.2 | 19.42 | 57.86 | 77.28 | OK | |
r-devel-linux-x86_64-debian-gcc | 0.1.2 | 16.64 | 47.37 | 64.01 | OK | |
r-devel-linux-x86_64-fedora-clang | 0.1.2 | 117.79 | OK | |||
r-devel-linux-x86_64-fedora-gcc | 0.1.2 | 137.71 | OK | |||
r-devel-windows-x86_64 | 0.1.2 | 50.00 | 95.00 | 145.00 | OK | |
r-patched-linux-x86_64 | 0.1.2 | 23.70 | 56.75 | 80.45 | OK | |
r-release-linux-x86_64 | 0.1.2 | 21.23 | 57.96 | 79.19 | OK | |
r-release-macos-arm64 | 0.1.2 | 56.00 | OK | |||
r-release-macos-x86_64 | 0.1.2 | 79.00 | OK | |||
r-release-windows-x86_64 | 0.1.2 | 50.00 | 95.00 | 145.00 | OK | |
r-oldrel-macos-arm64 | 0.1.2 | 51.00 | NOTE | |||
r-oldrel-macos-x86_64 | 0.1.2 | 77.00 | NOTE | |||
r-oldrel-windows-x86_64 | 0.1.2 | 53.00 | 112.00 | 165.00 | NOTE |
Version: 0.1.2
Check: for GNU extensions in Makefiles
Result: NOTE
GNU make is a SystemRequirements.
Flavors: r-oldrel-macos-arm64, r-oldrel-macos-x86_64, r-oldrel-windows-x86_64