Last updated on 2025-04-30 04:50:12 CEST.
Flavor | Version | Tinstall | Tcheck | Ttotal | Status | Flags |
---|---|---|---|---|---|---|
r-devel-linux-x86_64-debian-clang | 1.5 | 18.80 | 123.99 | 142.79 | NOTE | |
r-devel-linux-x86_64-debian-gcc | 1.5 | 13.86 | 95.03 | 108.89 | OK | |
r-devel-linux-x86_64-fedora-clang | 1.5 | 225.25 | OK | |||
r-devel-linux-x86_64-fedora-gcc | 1.5 | 222.33 | OK | |||
r-devel-windows-x86_64 | 1.5 | 18.00 | 143.00 | 161.00 | OK | |
r-patched-linux-x86_64 | 1.5 | 16.92 | 120.64 | 137.56 | OK | |
r-release-linux-x86_64 | 1.5 | 17.18 | 119.36 | 136.54 | OK | |
r-release-macos-arm64 | 1.5 | 63.00 | OK | |||
r-release-macos-x86_64 | 1.5 | 111.00 | OK | |||
r-release-windows-x86_64 | 1.5 | 18.00 | 134.00 | 152.00 | OK | |
r-oldrel-macos-arm64 | 1.5 | 65.00 | OK | |||
r-oldrel-macos-x86_64 | 1.5 | 86.00 | OK | |||
r-oldrel-windows-x86_64 | 1.5 | 24.00 | 168.00 | 192.00 | OK |
Version: 1.5
Check: examples
Result: NOTE
Examples with CPU (user + system) or elapsed time > 5s
user system elapsed
morphomapArea 4.706 0.204 6.129
Flavor: r-devel-linux-x86_64-debian-clang