Last updated on 2025-04-30 04:50:12 CEST.
Flavor | Version | Tinstall | Tcheck | Ttotal | Status | Flags |
---|---|---|---|---|---|---|
r-devel-linux-x86_64-debian-clang | 1.9.1 | 25.54 | 359.87 | 385.41 | NOTE | |
r-devel-linux-x86_64-debian-gcc | 1.9.1 | 18.92 | 235.38 | 254.30 | NOTE | |
r-devel-linux-x86_64-fedora-clang | 1.9.1 | 589.44 | OK | |||
r-devel-linux-x86_64-fedora-gcc | 1.9.1 | 592.76 | OK | |||
r-devel-windows-x86_64 | 1.9.1 | 24.00 | 350.00 | 374.00 | NOTE | |
r-patched-linux-x86_64 | 1.9.1 | 24.72 | 331.63 | 356.35 | NOTE | |
r-release-linux-x86_64 | 1.9.1 | 22.23 | 334.53 | 356.76 | NOTE | |
r-release-macos-arm64 | 1.9.1 | 152.00 | OK | |||
r-release-macos-x86_64 | 1.9.1 | 317.00 | OK | |||
r-release-windows-x86_64 | 1.9.1 | 27.00 | 336.00 | 363.00 | NOTE | |
r-oldrel-macos-arm64 | 1.9.1 | 149.00 | OK | |||
r-oldrel-macos-x86_64 | 1.9.1 | 331.00 | OK | |||
r-oldrel-windows-x86_64 | 1.9.1 | 35.00 | 473.00 | 508.00 | OK |
Version: 1.9.1
Check: Rd cross-references
Result: NOTE
Found the following Rd file(s) with Rd \link{} targets missing package
anchors:
chisq.Rd: after_stat
freqpolygon.Rd: densityplot
plotCumfreq.Rd: densityplot
plotModel.Rd: xyplot
themes.Rd: trellis.par.set, show.settings
xpnorm.Rd: qqmath
Please provide package anchors for all Rd \link{} targets not in the
package itself and the base packages.
Flavors: r-devel-linux-x86_64-debian-clang, r-devel-linux-x86_64-debian-gcc, r-devel-windows-x86_64, r-patched-linux-x86_64, r-release-linux-x86_64, r-release-windows-x86_64
Version: 1.9.1
Check: examples
Result: NOTE
Examples with CPU (user + system) or elapsed time > 5s
user system elapsed
qdist 4.470 0.161 6.326
plotFun 4.271 0.137 6.126
mplot 3.795 0.050 5.141
Flavor: r-devel-linux-x86_64-debian-clang