Last updated on 2025-04-30 04:50:12 CEST.
Flavor | Version | Tinstall | Tcheck | Ttotal | Status | Flags |
---|---|---|---|---|---|---|
r-devel-linux-x86_64-debian-clang | 0.6.4 | 63.15 | 106.38 | 169.53 | NOTE | |
r-devel-linux-x86_64-debian-gcc | 0.6.4 | 43.45 | 74.70 | 118.15 | NOTE | |
r-devel-linux-x86_64-fedora-clang | 0.6.4 | 320.61 | OK | |||
r-devel-linux-x86_64-fedora-gcc | 0.6.4 | 338.91 | OK | |||
r-devel-windows-x86_64 | 0.6.4 | 75.00 | 146.00 | 221.00 | OK | |
r-patched-linux-x86_64 | 0.6.4 | 60.85 | 99.36 | 160.21 | OK | |
r-release-linux-x86_64 | 0.6.4 | 61.12 | 98.06 | 159.18 | OK | |
r-release-macos-arm64 | 0.6.4 | 104.00 | OK | |||
r-release-macos-x86_64 | 0.6.4 | 158.00 | OK | |||
r-release-windows-x86_64 | 0.6.4 | 76.00 | 142.00 | 218.00 | OK | |
r-oldrel-macos-arm64 | 0.6.4 | 74.00 | NOTE | |||
r-oldrel-macos-x86_64 | 0.6.4 | 103.00 | NOTE | |||
r-oldrel-windows-x86_64 | 0.6.4 | 82.00 | 175.00 | 257.00 | OK |
Version: 0.6.4
Check: examples
Result: NOTE
Examples with CPU (user + system) or elapsed time > 5s
user system elapsed
lsp_add_terra 7.038 0.142 9.755
Flavor: r-devel-linux-x86_64-debian-clang
Version: 0.6.4
Check: examples
Result: NOTE
Examples with CPU (user + system) or elapsed time > 5s
user system elapsed
lsp_add_terra 4.082 0.132 5.09
Flavor: r-devel-linux-x86_64-debian-gcc
Version: 0.6.4
Check: installed package size
Result: NOTE
installed size is 6.2Mb
sub-directories of 1Mb or more:
libs 3.0Mb
raster 2.2Mb
Flavors: r-oldrel-macos-arm64, r-oldrel-macos-x86_64