CRAN Package Check Results for Package mousetrap

Last updated on 2025-04-30 04:50:12 CEST.

Flavor Version Tinstall Tcheck Ttotal Status Flags
r-devel-linux-x86_64-debian-clang 3.2.3 66.43 84.19 150.62 NOTE
r-devel-linux-x86_64-debian-gcc 3.2.3 49.75 56.64 106.39 OK
r-devel-linux-x86_64-fedora-clang 3.2.3 268.23 OK
r-devel-linux-x86_64-fedora-gcc 3.2.3 266.97 OK
r-devel-windows-x86_64 3.2.3 81.00 136.00 217.00 OK
r-patched-linux-x86_64 3.2.3 69.37 80.46 149.83 OK
r-release-linux-x86_64 3.2.3 67.72 80.16 147.88 OK
r-release-macos-arm64 3.2.3 63.00 OK
r-release-macos-x86_64 3.2.3 109.00 OK
r-release-windows-x86_64 3.2.3 88.00 131.00 219.00 OK
r-oldrel-macos-arm64 3.2.3 79.00 NOTE
r-oldrel-macos-x86_64 3.2.3 84.00 NOTE
r-oldrel-windows-x86_64 3.2.3 92.00 169.00 261.00 OK

Check Details

Version: 3.2.3
Check: examples
Result: NOTE Examples with CPU (user + system) or elapsed time > 5s user system elapsed mt_plot 4.755 0.027 5.791 mousetrap-package 4.179 0.308 7.068 Flavor: r-devel-linux-x86_64-debian-clang

Version: 3.2.3
Check: installed package size
Result: NOTE installed size is 6.4Mb sub-directories of 1Mb or more: data 3.0Mb libs 2.6Mb Flavors: r-oldrel-macos-arm64, r-oldrel-macos-x86_64