Last updated on 2025-04-30 04:50:12 CEST.
Flavor | Version | Tinstall | Tcheck | Ttotal | Status | Flags |
---|---|---|---|---|---|---|
r-devel-linux-x86_64-debian-clang | 4.2.6 | 59.18 | 448.31 | 507.49 | OK | |
r-devel-linux-x86_64-debian-gcc | 4.2.6 | 35.65 | 288.41 | 324.06 | OK | |
r-devel-linux-x86_64-fedora-clang | 4.2.6 | 803.56 | OK | |||
r-devel-linux-x86_64-fedora-gcc | 4.2.6 | 810.52 | OK | |||
r-devel-windows-x86_64 | 4.2.6 | 58.00 | 432.00 | 490.00 | OK | |
r-patched-linux-x86_64 | 4.2.6 | 57.36 | 426.22 | 483.58 | OK | |
r-release-linux-x86_64 | 4.2.6 | 56.92 | 419.61 | 476.53 | OK | |
r-release-macos-arm64 | 4.2.6 | 220.00 | OK | |||
r-release-macos-x86_64 | 4.2.6 | 452.00 | OK | |||
r-release-windows-x86_64 | 4.2.6 | 59.00 | 423.00 | 482.00 | OK | |
r-oldrel-macos-arm64 | 4.2.6 | 177.00 | NOTE | |||
r-oldrel-macos-x86_64 | 4.2.6 | 349.00 | NOTE | |||
r-oldrel-windows-x86_64 | 4.2.6 | 76.00 | 572.00 | 648.00 | OK |
Version: 4.2.6
Check: installed package size
Result: NOTE
installed size is 5.4Mb
sub-directories of 1Mb or more:
R 2.0Mb
Flavors: r-oldrel-macos-arm64, r-oldrel-macos-x86_64