Last updated on 2025-04-30 04:50:12 CEST.
Flavor | Version | Tinstall | Tcheck | Ttotal | Status | Flags |
---|---|---|---|---|---|---|
r-devel-linux-x86_64-debian-clang | 0.2.4 | 38.98 | 469.11 | 508.09 | OK | |
r-devel-linux-x86_64-debian-gcc | 0.2.4 | 24.50 | 334.84 | 359.34 | NOTE | |
r-devel-linux-x86_64-fedora-clang | 0.2.4 | 819.66 | OK | |||
r-devel-linux-x86_64-fedora-gcc | 0.2.4 | 818.09 | OK | |||
r-devel-windows-x86_64 | 0.2.4 | 39.00 | 346.00 | 385.00 | OK | |
r-patched-linux-x86_64 | 0.2.4 | 36.47 | 445.74 | 482.21 | OK | |
r-release-linux-x86_64 | 0.2.4 | 38.31 | 444.26 | 482.57 | OK | |
r-release-macos-arm64 | 0.2.4 | 203.00 | OK | |||
r-release-macos-x86_64 | 0.2.4 | 427.00 | OK | |||
r-release-windows-x86_64 | 0.2.4 | 36.00 | 344.00 | 380.00 | OK | |
r-oldrel-macos-arm64 | 0.2.4 | 150.00 | OK | |||
r-oldrel-macos-x86_64 | 0.2.4 | 279.00 | OK | |||
r-oldrel-windows-x86_64 | 0.2.4 | 47.00 | 476.00 | 523.00 | OK |
Version: 0.2.4
Check: examples
Result: NOTE
Examples with CPU (user + system) or elapsed time > 5s
user system elapsed
estimatePhi 0.749 4.75 4.399
Flavor: r-devel-linux-x86_64-debian-gcc