Last updated on 2025-04-30 04:50:12 CEST.
Flavor | Version | Tinstall | Tcheck | Ttotal | Status | Flags |
---|---|---|---|---|---|---|
r-devel-linux-x86_64-debian-clang | 2.1 | 39.56 | 313.85 | 353.41 | NOTE | |
r-devel-linux-x86_64-debian-gcc | 2.1 | 22.61 | 203.98 | 226.59 | OK | |
r-devel-linux-x86_64-fedora-clang | 2.1 | 548.72 | OK | |||
r-devel-linux-x86_64-fedora-gcc | 2.1 | 532.32 | OK | |||
r-devel-windows-x86_64 | 2.1 | 33.00 | 238.00 | 271.00 | OK | |
r-patched-linux-x86_64 | 2.1 | 37.39 | 297.84 | 335.23 | OK | |
r-release-linux-x86_64 | 2.1 | 35.16 | 296.37 | 331.53 | OK | |
r-release-macos-arm64 | 2.1 | 134.00 | OK | |||
r-release-macos-x86_64 | 2.1 | 279.00 | OK | |||
r-release-windows-x86_64 | 2.1 | 33.00 | 247.00 | 280.00 | OK | |
r-oldrel-macos-arm64 | 2.1 | 114.00 | OK | |||
r-oldrel-macos-x86_64 | 2.1 | 187.00 | OK | |||
r-oldrel-windows-x86_64 | 2.1 | 43.00 | 342.00 | 385.00 | OK |
Version: 2.1
Check: examples
Result: NOTE
Examples with CPU (user + system) or elapsed time > 5s
user system elapsed
movecost 4.527 0.116 5.028
Flavor: r-devel-linux-x86_64-debian-clang