Last updated on 2025-04-30 04:50:12 CEST.
Flavor | Version | Tinstall | Tcheck | Ttotal | Status | Flags |
---|---|---|---|---|---|---|
r-devel-linux-x86_64-debian-clang | 0.1.4 | 10.25 | 177.63 | 187.88 | NOTE | |
r-devel-linux-x86_64-debian-gcc | 0.1.4 | 6.65 | 113.77 | 120.42 | NOTE | |
r-devel-linux-x86_64-fedora-clang | 0.1.4 | 322.74 | OK | |||
r-devel-linux-x86_64-fedora-gcc | 0.1.4 | 291.33 | OK | |||
r-devel-windows-x86_64 | 0.1.4 | 13.00 | 212.00 | 225.00 | NOTE | |
r-patched-linux-x86_64 | 0.1.4 | 12.64 | 164.44 | 177.08 | NOTE | |
r-release-linux-x86_64 | 0.1.4 | 6.15 | 163.61 | 169.76 | NOTE | |
r-release-macos-arm64 | 0.1.4 | 86.00 | OK | |||
r-release-macos-x86_64 | 0.1.4 | 176.00 | OK | |||
r-release-windows-x86_64 | 0.1.4 | 14.00 | 210.00 | 224.00 | NOTE | |
r-oldrel-macos-arm64 | 0.1.4 | 96.00 | OK | |||
r-oldrel-macos-x86_64 | 0.1.4 | 130.00 | OK | |||
r-oldrel-windows-x86_64 | 0.1.4 | 17.00 | 270.00 | 287.00 | OK |
Version: 0.1.4
Check: Rd cross-references
Result: NOTE
Found the following Rd file(s) with Rd \link{} targets missing package
anchors:
plot.GrangerInteraction.Rd: plot.igraph
plot.View.Rd: plot.zoo
Please provide package anchors for all Rd \link{} targets not in the
package itself and the base packages.
Flavors: r-devel-linux-x86_64-debian-clang, r-devel-linux-x86_64-debian-gcc, r-devel-windows-x86_64, r-patched-linux-x86_64, r-release-linux-x86_64, r-release-windows-x86_64
Version: 0.1.4
Check: examples
Result: NOTE
Examples with CPU (user + system) or elapsed time > 5s
user system elapsed
plot_sel_phases 6.797 0.047 9.378
compare_avg_cross_power2 6.552 0.063 8.398
plot_roll_resultant_length 6.523 0.092 8.534
analyze_coherency 5.945 0.384 8.844
plot_cross_spectrum 6.132 0.107 8.533
ave_cross_power_over_splices 6.036 0.142 7.291
plot_cwt_energy 6.066 0.095 8.288
summary.sel.phases 5.839 0.071 7.351
plot_average_coherency 5.586 0.202 8.641
Flavor: r-devel-linux-x86_64-debian-clang
Version: 0.1.4
Check: examples
Result: NOTE
Examples with CPU (user + system) or elapsed time > 5s
user system elapsed
compare_avg_cross_power2 4.083 0.050 5.841
ave_cross_power_over_splices 3.842 0.036 5.069
Flavor: r-devel-linux-x86_64-debian-gcc