Last updated on 2025-04-30 04:50:12 CEST.
Flavor | Version | Tinstall | Tcheck | Ttotal | Status | Flags |
---|---|---|---|---|---|---|
r-devel-linux-x86_64-debian-clang | 0.1.2 | 19.02 | 134.89 | 153.91 | NOTE | |
r-devel-linux-x86_64-debian-gcc | 0.1.2 | 12.32 | 94.38 | 106.70 | OK | |
r-devel-linux-x86_64-fedora-clang | 0.1.2 | 221.33 | OK | |||
r-devel-linux-x86_64-fedora-gcc | 0.1.2 | 229.28 | OK | |||
r-devel-windows-x86_64 | 0.1.2 | 18.00 | 138.00 | 156.00 | OK | |
r-patched-linux-x86_64 | 0.1.2 | 16.65 | 127.82 | 144.47 | OK | |
r-release-linux-x86_64 | 0.1.2 | 17.78 | 125.77 | 143.55 | OK | |
r-release-macos-arm64 | 0.1.2 | 64.00 | OK | |||
r-release-macos-x86_64 | 0.1.2 | 147.00 | OK | |||
r-release-windows-x86_64 | 0.1.2 | 18.00 | 129.00 | 147.00 | OK | |
r-oldrel-macos-arm64 | 0.1.2 | 72.00 | OK | |||
r-oldrel-macos-x86_64 | 0.1.2 | 106.00 | OK | |||
r-oldrel-windows-x86_64 | 0.1.2 | 23.00 | 182.00 | 205.00 | OK |
Version: 0.1.2
Check: examples
Result: NOTE
Examples with CPU (user + system) or elapsed time > 5s
user system elapsed
multiROC 5.372 0.136 7.363
Flavor: r-devel-linux-x86_64-debian-clang