Last updated on 2025-04-30 04:50:12 CEST.
Flavor | Version | Tinstall | Tcheck | Ttotal | Status | Flags |
---|---|---|---|---|---|---|
r-devel-linux-x86_64-debian-clang | 1.0.1 | 4.41 | 117.94 | 122.35 | NOTE | |
r-devel-linux-x86_64-debian-gcc | 1.0.1 | 3.21 | 93.66 | 96.87 | OK | |
r-devel-linux-x86_64-fedora-clang | 1.0.1 | 187.86 | OK | |||
r-devel-linux-x86_64-fedora-gcc | 1.0.1 | 205.87 | OK | |||
r-devel-windows-x86_64 | 1.0.1 | 6.00 | 152.00 | 158.00 | OK | |
r-patched-linux-x86_64 | 1.0.1 | 4.87 | 111.31 | 116.18 | OK | |
r-release-linux-x86_64 | 1.0.1 | 4.53 | 111.45 | 115.98 | OK | |
r-release-macos-arm64 | 1.0.1 | 82.00 | OK | |||
r-release-macos-x86_64 | 1.0.1 | 129.00 | OK | |||
r-release-windows-x86_64 | 1.0.1 | 6.00 | 155.00 | 161.00 | OK | |
r-oldrel-macos-arm64 | 1.0.1 | 61.00 | OK | |||
r-oldrel-macos-x86_64 | 1.0.1 | 156.00 | OK | |||
r-oldrel-windows-x86_64 | 1.0.1 | 7.00 | 164.00 | 171.00 | OK |
Version: 1.0.1
Check: examples
Result: NOTE
Examples with CPU (user + system) or elapsed time > 5s
user system elapsed
coef.cotframe 3.979 0.76 5.465
Flavor: r-devel-linux-x86_64-debian-clang