Last updated on 2025-04-30 04:50:12 CEST.
Flavor | Version | Tinstall | Tcheck | Ttotal | Status | Flags |
---|---|---|---|---|---|---|
r-devel-linux-x86_64-debian-clang | 5.0.1 | 42.53 | 153.82 | 196.35 | NOTE | |
r-devel-linux-x86_64-debian-gcc | 5.0.1 | 26.85 | 105.90 | 132.75 | NOTE | |
r-devel-linux-x86_64-fedora-clang | 5.0.1 | 313.91 | NOTE | |||
r-devel-linux-x86_64-fedora-gcc | 5.0.1 | 296.43 | NOTE | |||
r-devel-windows-x86_64 | 5.0.1 | 45.00 | 175.00 | 220.00 | NOTE | |
r-patched-linux-x86_64 | 5.0.1 | 39.01 | 143.90 | 182.91 | NOTE | |
r-release-linux-x86_64 | 5.0.1 | 43.71 | 144.17 | 187.88 | NOTE | |
r-release-macos-arm64 | 5.0.1 | 111.00 | NOTE | |||
r-release-macos-x86_64 | 5.0.1 | 185.00 | NOTE | |||
r-release-windows-x86_64 | 5.0.1 | 49.00 | 175.00 | 224.00 | NOTE | |
r-oldrel-macos-arm64 | 5.0.1 | 83.00 | NOTE | |||
r-oldrel-macos-x86_64 | 5.0.1 | 135.00 | NOTE | |||
r-oldrel-windows-x86_64 | 5.0.1 | 55.00 | 228.00 | 283.00 | NOTE |
Version: 5.0.1
Check: Rd files
Result: NOTE
checkRd: (-1) MultiManhattan.Rd:33: Lost braces; missing escapes or markup?
33 | \item{LogTimes}{Magnification of {-log10(P-value)}; the default is
| ^
checkRd: (-1) MultiManhattan.Rd:35: Lost braces; missing escapes or markup?
35 | \item{LODTimes}{Magnification of {LOD score}; the default is 1.2.}
| ^
Flavors: r-devel-linux-x86_64-debian-clang, r-devel-linux-x86_64-debian-gcc, r-devel-linux-x86_64-fedora-clang, r-devel-linux-x86_64-fedora-gcc, r-devel-windows-x86_64, r-patched-linux-x86_64, r-release-linux-x86_64, r-release-macos-arm64, r-release-macos-x86_64, r-release-windows-x86_64, r-oldrel-macos-arm64, r-oldrel-macos-x86_64, r-oldrel-windows-x86_64
Version: 5.0.1
Check: examples
Result: NOTE
Examples with CPU (user + system) or elapsed time > 5s
user system elapsed
MultiManhattan 4.470 0.471 5.308
mrMLM 2.105 0.103 6.973
pKWmEB 2.054 0.062 6.913
pLARmEB 2.039 0.038 8.049
FASTmrEMMA 1.487 0.236 5.330
FASTmrMLM 1.679 0.024 5.836
ISIS 1.373 0.019 5.511
mrMLMFun 1.183 0.061 5.478
Flavor: r-devel-linux-x86_64-debian-clang
Version: 5.0.1
Check: examples
Result: NOTE
Examples with CPU (user + system) or elapsed time > 5s
user system elapsed
mrMLM 2.088 0.014 5.295
pKWmEB 2.023 0.010 5.001
pLARmEB 1.875 0.041 6.751
Flavor: r-devel-linux-x86_64-debian-gcc
Version: 5.0.1
Check: installed package size
Result: NOTE
installed size is 5.2Mb
sub-directories of 1Mb or more:
extdata 1.7Mb
libs 2.3Mb
Flavors: r-oldrel-macos-arm64, r-oldrel-macos-x86_64