Last updated on 2025-04-30 04:50:12 CEST.
Flavor | Version | Tinstall | Tcheck | Ttotal | Status | Flags |
---|---|---|---|---|---|---|
r-devel-linux-x86_64-debian-clang | 1.4.4 | 9.73 | 87.39 | 97.12 | NOTE | |
r-devel-linux-x86_64-debian-gcc | 1.4.4 | 6.34 | 61.49 | 67.83 | OK | |
r-devel-linux-x86_64-fedora-clang | 1.4.4 | 153.94 | OK | |||
r-devel-linux-x86_64-fedora-gcc | 1.4.4 | 145.98 | OK | |||
r-devel-windows-x86_64 | 1.4.4 | 11.00 | 113.00 | 124.00 | OK | |
r-patched-linux-x86_64 | 1.4.4 | 11.00 | 81.63 | 92.63 | OK | |
r-release-linux-x86_64 | 1.4.4 | 8.81 | 81.31 | 90.12 | OK | |
r-release-macos-arm64 | 1.4.4 | 52.00 | OK | |||
r-release-macos-x86_64 | 1.4.4 | 102.00 | OK | |||
r-release-windows-x86_64 | 1.4.4 | 12.00 | 112.00 | 124.00 | OK | |
r-oldrel-macos-arm64 | 1.4.4 | 51.00 | OK | |||
r-oldrel-macos-x86_64 | 1.4.4 | 125.00 | OK | |||
r-oldrel-windows-x86_64 | 1.4.4 | 13.00 | 130.00 | 143.00 | OK |
Version: 1.4.4
Check: examples
Result: NOTE
Examples with CPU (user + system) or elapsed time > 5s
user system elapsed
bnct 6.584 0.001 8.49
Flavor: r-devel-linux-x86_64-debian-clang