Last updated on 2025-04-30 04:50:12 CEST.
Flavor | Version | Tinstall | Tcheck | Ttotal | Status | Flags |
---|---|---|---|---|---|---|
r-devel-linux-x86_64-debian-clang | 0.0.1.0 | 11.42 | 111.20 | 122.62 | NOTE | |
r-devel-linux-x86_64-debian-gcc | 0.0.1.0 | 7.83 | 78.82 | 86.65 | NOTE | |
r-devel-linux-x86_64-fedora-clang | 0.0.1.0 | 180.91 | OK | |||
r-devel-linux-x86_64-fedora-gcc | 0.0.1.0 | 175.27 | OK | |||
r-devel-windows-x86_64 | 0.0.1.0 | 12.00 | 124.00 | 136.00 | OK | |
r-patched-linux-x86_64 | 0.0.1.0 | 10.50 | 105.23 | 115.73 | OK | |
r-release-linux-x86_64 | 0.0.1.0 | 8.51 | 104.75 | 113.26 | OK | |
r-release-macos-arm64 | 0.0.1.0 | 66.00 | OK | |||
r-release-macos-x86_64 | 0.0.1.0 | 129.00 | OK | |||
r-release-windows-x86_64 | 0.0.1.0 | 13.00 | 117.00 | 130.00 | OK | |
r-oldrel-macos-arm64 | 0.0.1.0 | 65.00 | OK | |||
r-oldrel-macos-x86_64 | 0.0.1.0 | 93.00 | OK | |||
r-oldrel-windows-x86_64 | 0.0.1.0 | 16.00 | 154.00 | 170.00 | OK |
Version: 0.0.1.0
Check: CRAN incoming feasibility
Result: NOTE
Maintainer: ‘Jeremy Oguamalam <jeremy.oguamalam@tuwien.ac.at>’
The Description field contains
implementation of Oguamalam et al. (2023) <arXiv:2307.13509>.
Please refer to arXiv e-prints via their arXiv DOI <doi:10.48550/arXiv.YYMM.NNNNN>.
Flavors: r-devel-linux-x86_64-debian-clang, r-devel-linux-x86_64-debian-gcc
Version: 0.0.1.0
Check: examples
Result: NOTE
Examples with CPU (user + system) or elapsed time > 5s
user system elapsed
mrct.ise 5.537 0.050 6.873
mrct 4.160 0.084 5.219
Flavor: r-devel-linux-x86_64-debian-clang