Last updated on 2025-04-30 04:50:12 CEST.
Flavor | Version | Tinstall | Tcheck | Ttotal | Status | Flags |
---|---|---|---|---|---|---|
r-devel-linux-x86_64-debian-clang | 3.0.0 | 19.13 | 118.42 | 137.55 | NOTE | |
r-devel-linux-x86_64-debian-gcc | 3.0.0 | 12.17 | 81.51 | 93.68 | NOTE | |
r-devel-linux-x86_64-fedora-clang | 3.0.0 | 226.27 | NOTE | |||
r-devel-linux-x86_64-fedora-gcc | 3.0.0 | 208.30 | NOTE | |||
r-devel-windows-x86_64 | 3.0.0 | 19.00 | 146.00 | 165.00 | NOTE | |
r-patched-linux-x86_64 | 3.0.0 | 21.57 | 113.74 | 135.31 | NOTE | |
r-release-linux-x86_64 | 3.0.0 | 18.31 | 112.40 | 130.71 | NOTE | |
r-release-macos-arm64 | 3.0.0 | 55.00 | NOTE | |||
r-release-macos-x86_64 | 3.0.0 | 114.00 | NOTE | |||
r-release-windows-x86_64 | 3.0.0 | 19.00 | 141.00 | 160.00 | NOTE | |
r-oldrel-macos-arm64 | 3.0.0 | 57.00 | OK | |||
r-oldrel-macos-x86_64 | 3.0.0 | 118.00 | OK | |||
r-oldrel-windows-x86_64 | 3.0.0 | 24.00 | 171.00 | 195.00 | OK |
Version: 3.0.0
Check: DESCRIPTION meta-information
Result: NOTE
Missing dependency on R >= 4.1.0 because package code uses the pipe
|> or function shorthand \(...) syntax added in R 4.1.0.
File(s) using such syntax:
‘detfct.fit.opt.R’
Flavors: r-devel-linux-x86_64-debian-clang, r-devel-linux-x86_64-debian-gcc, r-devel-linux-x86_64-fedora-clang, r-devel-linux-x86_64-fedora-gcc, r-devel-windows-x86_64, r-patched-linux-x86_64, r-release-linux-x86_64, r-release-macos-arm64, r-release-macos-x86_64, r-release-windows-x86_64