Last updated on 2025-04-30 04:50:12 CEST.
Flavor | Version | Tinstall | Tcheck | Ttotal | Status | Flags |
---|---|---|---|---|---|---|
r-devel-linux-x86_64-debian-clang | 1.0.17 | 77.85 | 102.20 | 180.05 | NOTE | |
r-devel-linux-x86_64-debian-gcc | 1.0.17 | 51.54 | 74.35 | 125.89 | NOTE | |
r-devel-linux-x86_64-fedora-clang | 1.0.17 | 294.94 | OK | |||
r-devel-linux-x86_64-fedora-gcc | 1.0.17 | 285.47 | OK | |||
r-devel-windows-x86_64 | 1.0.17 | 88.00 | 146.00 | 234.00 | OK | |
r-patched-linux-x86_64 | 1.0.17 | 70.46 | 101.33 | 171.79 | OK | |
r-release-linux-x86_64 | 1.0.17 | 74.19 | 99.71 | 173.90 | OK | |
r-release-macos-arm64 | 1.0.17 | 79.00 | OK | |||
r-release-macos-x86_64 | 1.0.17 | 112.00 | OK | |||
r-release-windows-x86_64 | 1.0.17 | 90.00 | 135.00 | 225.00 | OK | |
r-oldrel-macos-arm64 | 1.0.17 | 79.00 | NOTE | |||
r-oldrel-macos-x86_64 | 1.0.17 | 90.00 | NOTE | |||
r-oldrel-windows-x86_64 | 1.0.17 | 96.00 | 176.00 | 272.00 | OK |
Version: 1.0.17
Check: examples
Result: NOTE
Examples with CPU (user + system) or elapsed time > 5s
user system elapsed
depthContour 5.822 0.021 7.055
Flavor: r-devel-linux-x86_64-debian-clang
Version: 1.0.17
Check: examples
Result: NOTE
Examples with CPU (user + system) or elapsed time > 5s
user system elapsed
depthContour 4.594 0.074 5.645
Flavor: r-devel-linux-x86_64-debian-gcc
Version: 1.0.17
Check: installed package size
Result: NOTE
installed size is 14.1Mb
sub-directories of 1Mb or more:
data 1.6Mb
libs 12.1Mb
Flavors: r-oldrel-macos-arm64, r-oldrel-macos-x86_64