Last updated on 2025-04-30 04:50:12 CEST.
Flavor | Version | Tinstall | Tcheck | Ttotal | Status | Flags |
---|---|---|---|---|---|---|
r-devel-linux-x86_64-debian-clang | 0.3.2 | 1.94 | 23.29 | 25.23 | NOTE | |
r-devel-linux-x86_64-debian-gcc | 0.3.2 | 1.61 | 19.47 | 21.08 | NOTE | |
r-devel-linux-x86_64-fedora-clang | 0.3.2 | 40.65 | OK | |||
r-devel-linux-x86_64-fedora-gcc | 0.3.2 | 53.10 | OK | |||
r-devel-windows-x86_64 | 0.3.2 | 3.00 | 50.00 | 53.00 | OK | |
r-patched-linux-x86_64 | 0.3.2 | 1.99 | 22.73 | 24.72 | OK | |
r-release-linux-x86_64 | 0.3.2 | 1.63 | 22.37 | 24.00 | OK | |
r-release-macos-arm64 | 0.3.2 | 34.00 | OK | |||
r-release-macos-x86_64 | 0.3.2 | 49.00 | OK | |||
r-release-windows-x86_64 | 0.3.2 | 3.00 | 49.00 | 52.00 | OK | |
r-oldrel-macos-arm64 | 0.3.2 | 33.00 | OK | |||
r-oldrel-macos-x86_64 | 0.3.2 | 44.00 | OK | |||
r-oldrel-windows-x86_64 | 0.3.2 | 4.00 | 54.00 | 58.00 | OK |
Version: 0.3.2
Check: examples
Result: NOTE
Examples with CPU (user + system) or elapsed time > 5s
user system elapsed
economic_census 1.589 0.14 6.307
Flavor: r-devel-linux-x86_64-debian-clang
Version: 0.3.2
Check: examples
Result: NOTE
Examples with CPU (user + system) or elapsed time > 5s
user system elapsed
economic_census 1.281 0.118 9.067
Flavor: r-devel-linux-x86_64-debian-gcc