Last updated on 2025-04-30 04:50:12 CEST.
Flavor | Version | Tinstall | Tcheck | Ttotal | Status | Flags |
---|---|---|---|---|---|---|
r-devel-linux-x86_64-debian-clang | 0.1.1 | 1.54 | 18.33 | 19.87 | NOTE | |
r-devel-linux-x86_64-debian-gcc | 0.1.1 | 1.27 | 15.34 | 16.61 | NOTE | |
r-devel-linux-x86_64-fedora-clang | 0.1.1 | 31.44 | OK | |||
r-devel-linux-x86_64-fedora-gcc | 0.1.1 | 29.88 | OK | |||
r-devel-windows-x86_64 | 0.1.1 | 3.00 | 44.00 | 47.00 | OK | |
r-patched-linux-x86_64 | 0.1.1 | 1.60 | 17.99 | 19.59 | OK | |
r-release-linux-x86_64 | 0.1.1 | 1.40 | 17.75 | 19.15 | OK | |
r-release-macos-arm64 | 0.1.1 | 19.00 | OK | |||
r-release-macos-x86_64 | 0.1.1 | 29.00 | OK | |||
r-release-windows-x86_64 | 0.1.1 | 3.00 | 42.00 | 45.00 | OK | |
r-oldrel-macos-arm64 | 0.1.1 | 14.00 | NOTE | |||
r-oldrel-macos-x86_64 | 0.1.1 | 22.00 | NOTE | |||
r-oldrel-windows-x86_64 | 0.1.1 | 3.00 | 39.00 | 42.00 | NOTE |
Version: 0.1.1
Check: CRAN incoming feasibility
Result: NOTE
Maintainer: ‘Abirami S <abirami89@gmail.com>’
No Authors@R field in DESCRIPTION.
Please add one, modifying
Authors@R: person(given = "Abirami",
family = "S",
role = c("aut", "cre"),
email = "abirami89@gmail.com")
as necessary.
Flavors: r-devel-linux-x86_64-debian-clang, r-devel-linux-x86_64-debian-gcc
Version: 0.1.1
Check: LazyData
Result: NOTE
'LazyData' is specified without a 'data' directory
Flavors: r-oldrel-macos-arm64, r-oldrel-macos-x86_64, r-oldrel-windows-x86_64