CRAN Package Check Results for Package mscsweblm4r

Last updated on 2025-04-30 04:50:12 CEST.

Flavor Version Tinstall Tcheck Ttotal Status Flags
r-devel-linux-x86_64-debian-clang 0.1.2 2.36 31.66 34.02 NOTE
r-devel-linux-x86_64-debian-gcc 0.1.2 1.93 25.56 27.49 NOTE
r-devel-linux-x86_64-fedora-clang 0.1.2 53.05 OK
r-devel-linux-x86_64-fedora-gcc 0.1.2 64.87 OK
r-devel-windows-x86_64 0.1.2 4.00 56.00 60.00 OK
r-patched-linux-x86_64 0.1.2 2.56 29.20 31.76 OK
r-release-linux-x86_64 0.1.2 2.51 29.04 31.55 OK
r-release-macos-arm64 0.1.2 41.00 OK
r-release-macos-x86_64 0.1.2 50.00 OK
r-release-windows-x86_64 0.1.2 5.00 52.00 57.00 OK
r-oldrel-macos-arm64 0.1.2 26.00 OK
r-oldrel-macos-x86_64 0.1.2 39.00 OK
r-oldrel-windows-x86_64 0.1.2 4.00 57.00 61.00 OK

Check Details

Version: 0.1.2
Check: CRAN incoming feasibility
Result: NOTE Maintainer: ‘Phil Ferriere <pferriere@hotmail.com>’ Found the following (possibly) invalid file URI: URI: ./CONDUCT.md From: README.md Flavors: r-devel-linux-x86_64-debian-clang, r-devel-linux-x86_64-debian-gcc