Last updated on 2025-02-21 03:52:20 CET.
Flavor | Version | Tinstall | Tcheck | Ttotal | Status | Flags |
---|---|---|---|---|---|---|
r-devel-linux-x86_64-debian-clang | 1.0.5 | 29.77 | 131.02 | 160.79 | OK | |
r-devel-linux-x86_64-debian-gcc | 1.0.5 | 22.86 | 99.16 | 122.02 | OK | |
r-devel-linux-x86_64-fedora-clang | 1.0.5 | 268.01 | OK | |||
r-devel-linux-x86_64-fedora-gcc | 1.0.5 | 311.98 | OK | |||
r-devel-macos-arm64 | 1.0.5 | 83.00 | OK | |||
r-devel-macos-x86_64 | 1.0.5 | 220.00 | OK | |||
r-devel-windows-x86_64 | 1.0.5 | 30.00 | 167.00 | 197.00 | OK | |
r-patched-linux-x86_64 | 1.0.5 | 34.25 | 133.66 | 167.91 | OK | |
r-release-linux-x86_64 | 1.0.5 | 32.50 | 133.57 | 166.07 | OK | |
r-release-macos-arm64 | 1.0.5 | 71.00 | NOTE | |||
r-release-macos-x86_64 | 1.0.5 | 162.00 | NOTE | |||
r-release-windows-x86_64 | 1.0.5 | 28.00 | 169.00 | 197.00 | OK | |
r-oldrel-macos-arm64 | 1.0.5 | 82.00 | NOTE | |||
r-oldrel-macos-x86_64 | 1.0.5 | 146.00 | NOTE | |||
r-oldrel-windows-x86_64 | 1.0.5 | 33.00 | 234.00 | 267.00 | OK |
Version: 1.0.5
Check: installed package size
Result: NOTE
installed size is 6.5Mb
sub-directories of 1Mb or more:
libs 5.9Mb
Flavors: r-release-macos-arm64, r-release-macos-x86_64, r-oldrel-macos-arm64, r-oldrel-macos-x86_64