Last updated on 2025-04-30 04:50:12 CEST.
Flavor | Version | Tinstall | Tcheck | Ttotal | Status | Flags |
---|---|---|---|---|---|---|
r-devel-linux-x86_64-debian-clang | 1.3.3 | 3.29 | 43.93 | 47.22 | NOTE | |
r-devel-linux-x86_64-debian-gcc | 1.3.3 | 2.13 | 31.53 | 33.66 | NOTE | |
r-devel-linux-x86_64-fedora-clang | 1.3.3 | 74.76 | OK | |||
r-devel-linux-x86_64-fedora-gcc | 1.3.3 | 82.88 | OK | |||
r-devel-windows-x86_64 | 1.3.3 | 5.00 | 92.00 | 97.00 | OK | |
r-patched-linux-x86_64 | 1.3.3 | 3.49 | 40.43 | 43.92 | OK | |
r-release-linux-x86_64 | 1.3.3 | 2.68 | 40.83 | 43.51 | OK | |
r-release-macos-arm64 | 1.3.3 | 37.00 | OK | |||
r-release-macos-x86_64 | 1.3.3 | 75.00 | OK | |||
r-release-windows-x86_64 | 1.3.3 | 6.00 | 65.00 | 71.00 | OK | |
r-oldrel-macos-arm64 | 1.3.3 | 29.00 | NOTE | |||
r-oldrel-macos-x86_64 | 1.3.3 | 57.00 | NOTE | |||
r-oldrel-windows-x86_64 | 1.3.3 | 3.00 | 77.00 | 80.00 | NOTE |
Version: 1.3.3
Check: CRAN incoming feasibility
Result: NOTE
Maintainer: ‘Luca Scrucca <luca.scrucca@unipg.it>’
Package CITATION file contains call(s) to old-style personList() or
as.personList(). Please use c() on person objects instead.
Package CITATION file contains call(s) to old-style citEntry(). Please
use bibentry() instead.
Flavors: r-devel-linux-x86_64-debian-clang, r-devel-linux-x86_64-debian-gcc
Version: 1.3.3
Check: LazyData
Result: NOTE
'LazyData' is specified without a 'data' directory
Flavors: r-oldrel-macos-arm64, r-oldrel-macos-x86_64, r-oldrel-windows-x86_64