Last updated on 2025-04-30 04:50:12 CEST.
Flavor | Version | Tinstall | Tcheck | Ttotal | Status | Flags |
---|---|---|---|---|---|---|
r-devel-linux-x86_64-debian-clang | 1.2.0 | 3.13 | 39.96 | 43.09 | NOTE | |
r-devel-linux-x86_64-debian-gcc | 1.2.0 | 2.15 | 27.12 | 29.27 | OK | |
r-devel-linux-x86_64-fedora-clang | 1.2.0 | 64.10 | OK | |||
r-devel-linux-x86_64-fedora-gcc | 1.2.0 | 58.74 | OK | |||
r-devel-windows-x86_64 | 1.2.0 | 5.00 | 66.00 | 71.00 | OK | |
r-patched-linux-x86_64 | 1.2.0 | 3.89 | 33.63 | 37.52 | OK | |
r-release-linux-x86_64 | 1.2.0 | 2.47 | 33.51 | 35.98 | OK | |
r-release-macos-arm64 | 1.2.0 | 27.00 | OK | |||
r-release-macos-x86_64 | 1.2.0 | 45.00 | OK | |||
r-release-windows-x86_64 | 1.2.0 | 5.00 | 65.00 | 70.00 | OK | |
r-oldrel-macos-arm64 | 1.2.0 | 22.00 | OK | |||
r-oldrel-macos-x86_64 | 1.2.0 | 36.00 | OK | |||
r-oldrel-windows-x86_64 | 1.2.0 | 6.00 | 76.00 | 82.00 | OK |
Version: 1.2.0
Check: examples
Result: NOTE
Examples with CPU (user + system) or elapsed time > 5s
user system elapsed
pcbic 4.662 0.073 5.482
pcbic.stepwise 4.640 0.012 5.442
Flavor: r-devel-linux-x86_64-debian-clang