CRAN Package Check Results for Package mt

Last updated on 2025-04-30 04:50:12 CEST.

Flavor Version Tinstall Tcheck Ttotal Status Flags
r-devel-linux-x86_64-debian-clang 2.0-1.20 7.72 162.01 169.73 NOTE
r-devel-linux-x86_64-debian-gcc 2.0-1.20 5.86 107.35 113.21 NOTE
r-devel-linux-x86_64-fedora-clang 2.0-1.20 258.05 OK
r-devel-linux-x86_64-fedora-gcc 2.0-1.20 274.97 OK
r-devel-windows-x86_64 2.0-1.20 10.00 186.00 196.00 NOTE
r-patched-linux-x86_64 2.0-1.20 8.54 151.11 159.65 NOTE
r-release-linux-x86_64 2.0-1.20 9.21 150.45 159.66 NOTE
r-release-macos-arm64 2.0-1.20 78.00 OK
r-release-macos-x86_64 2.0-1.20 159.00 OK
r-release-windows-x86_64 2.0-1.20 10.00 190.00 200.00 NOTE
r-oldrel-macos-arm64 2.0-1.20 74.00 OK
r-oldrel-macos-x86_64 2.0-1.20 124.00 OK
r-oldrel-windows-x86_64 2.0-1.20 13.00 237.00 250.00 OK

Check Details

Version: 2.0-1.20
Check: CRAN incoming feasibility
Result: NOTE Maintainer: ‘Wanchang Lin <wanchanglin@hotmail.com>’ No Authors@R field in DESCRIPTION. Please add one, modifying Authors@R: person(given = "Wanchang", family = "Lin", role = c("aut", "cre"), email = "wanchanglin@hotmail.com") as necessary. Flavors: r-devel-linux-x86_64-debian-clang, r-devel-linux-x86_64-debian-gcc

Version: 2.0-1.20
Check: Rd cross-references
Result: NOTE Found the following Rd file(s) with Rd \link{} targets missing package anchors: cor.util.Rd: xyplot data.visualisation.Rd: xyplot grpplot.Rd: xyplot mdsplot.Rd: xyplot panel.elli.Rd: xyplot, panel.ellipse panel.smooth.line.Rd: xyplot pcaplot.Rd: xyplot plot.pcalda.Rd: xyplot plot.plsc.Rd: xyplot Please provide package anchors for all Rd \link{} targets not in the package itself and the base packages. Flavors: r-devel-linux-x86_64-debian-clang, r-devel-linux-x86_64-debian-gcc, r-devel-windows-x86_64, r-patched-linux-x86_64, r-release-linux-x86_64, r-release-windows-x86_64

Version: 2.0-1.20
Check: examples
Result: NOTE Examples with CPU (user + system) or elapsed time > 5s user system elapsed cor.util 8.528 0.039 9.781 mc.norm 6.717 0.008 7.590 feat.freq 6.678 0.012 7.918 accest 4.650 0.072 5.648 osc_wise 4.437 0.000 5.063 fs.kruskal 4.274 0.016 5.083 Flavor: r-devel-linux-x86_64-debian-clang

Version: 2.0-1.20
Check: examples
Result: NOTE Examples with CPU (user + system) or elapsed time > 5s user system elapsed cor.util 5.752 0.034 7.626 feat.freq 5.035 0.025 6.748 mc.norm 4.745 0.012 5.423 Flavor: r-devel-linux-x86_64-debian-gcc