Last updated on 2025-04-30 04:50:12 CEST.
Flavor | Version | Tinstall | Tcheck | Ttotal | Status | Flags |
---|---|---|---|---|---|---|
r-devel-linux-x86_64-debian-clang | 0.1.0 | 16.27 | 133.50 | 149.77 | NOTE | |
r-devel-linux-x86_64-debian-gcc | 0.1.0 | 10.72 | 91.94 | 102.66 | NOTE | |
r-devel-linux-x86_64-fedora-clang | 0.1.0 | 218.39 | OK | |||
r-devel-linux-x86_64-fedora-gcc | 0.1.0 | 222.18 | OK | |||
r-devel-windows-x86_64 | 0.1.0 | 15.00 | 133.00 | 148.00 | OK | |
r-patched-linux-x86_64 | 0.1.0 | 13.69 | 121.52 | 135.21 | OK | |
r-release-linux-x86_64 | 0.1.0 | 15.10 | 124.75 | 139.85 | OK | |
r-release-macos-arm64 | 0.1.0 | 59.00 | OK | |||
r-release-macos-x86_64 | 0.1.0 | 112.00 | OK | |||
r-release-windows-x86_64 | 0.1.0 | 16.00 | 135.00 | 151.00 | OK | |
r-oldrel-macos-arm64 | 0.1.0 | 58.00 | OK | |||
r-oldrel-macos-x86_64 | 0.1.0 | 82.00 | OK | |||
r-oldrel-windows-x86_64 | 0.1.0 | 21.00 | 175.00 | 196.00 | OK |
Version: 0.1.0
Check: CRAN incoming feasibility
Result: NOTE
Maintainer: ‘Ye Tian <ye.t@columbia.edu>’
The Description field contains
Y., Weng, H., & Feng, Y. (2022) <arXiv:2209.15224>.
Please refer to arXiv e-prints via their arXiv DOI <doi:10.48550/arXiv.YYMM.NNNNN>.
Flavors: r-devel-linux-x86_64-debian-clang, r-devel-linux-x86_64-debian-gcc
Version: 0.1.0
Check: examples
Result: NOTE
Examples with CPU (user + system) or elapsed time > 5s
user system elapsed
predict_gmm 4.598 0.009 5.814
initialize 4.017 0.097 5.615
misclustering_error 3.522 0.060 5.143
Flavor: r-devel-linux-x86_64-debian-clang