Last updated on 2025-04-30 04:50:12 CEST.
Flavor | Version | Tinstall | Tcheck | Ttotal | Status | Flags |
---|---|---|---|---|---|---|
r-devel-linux-x86_64-debian-clang | 0.1-1 | 19.49 | 180.21 | 199.70 | NOTE | |
r-devel-linux-x86_64-debian-gcc | 0.1-1 | 14.81 | 124.68 | 139.49 | OK | |
r-devel-linux-x86_64-fedora-clang | 0.1-1 | 328.58 | OK | |||
r-devel-linux-x86_64-fedora-gcc | 0.1-1 | 319.24 | OK | |||
r-devel-windows-x86_64 | 0.1-1 | 19.00 | 175.00 | 194.00 | OK | |
r-patched-linux-x86_64 | 0.1-1 | 18.67 | 166.89 | 185.56 | OK | |
r-release-linux-x86_64 | 0.1-1 | 17.46 | 164.48 | 181.94 | OK | |
r-release-macos-arm64 | 0.1-1 | 84.00 | OK | |||
r-release-macos-x86_64 | 0.1-1 | 144.00 | OK | |||
r-release-windows-x86_64 | 0.1-1 | 20.00 | 172.00 | 192.00 | OK | |
r-oldrel-macos-arm64 | 0.1-1 | 87.00 | OK | |||
r-oldrel-macos-x86_64 | 0.1-1 | 157.00 | OK | |||
r-oldrel-windows-x86_64 | 0.1-1 | 28.00 | 226.00 | 254.00 | OK |
Version: 0.1-1
Check: examples
Result: NOTE
Examples with CPU (user + system) or elapsed time > 5s
user system elapsed
forest.tcc 3.998 0.07 5.439
Flavor: r-devel-linux-x86_64-debian-clang