CRAN Package Check Results for Package muRL

Last updated on 2025-04-30 04:50:12 CEST.

Flavor Version Tinstall Tcheck Ttotal Status Flags
r-devel-linux-x86_64-debian-clang 0.1-13 3.47 30.17 33.64 NOTE
r-devel-linux-x86_64-debian-gcc 0.1-13 2.34 23.72 26.06 NOTE
r-devel-linux-x86_64-fedora-clang 0.1-13 50.87 OK
r-devel-linux-x86_64-fedora-gcc 0.1-13 52.37 OK
r-devel-windows-x86_64 0.1-13 5.00 54.00 59.00 OK
r-patched-linux-x86_64 0.1-13 3.09 28.91 32.00 OK
r-release-linux-x86_64 0.1-13 3.23 28.71 31.94 OK
r-release-macos-arm64 0.1-13 24.00 OK
r-release-macos-x86_64 0.1-13 35.00 OK
r-release-windows-x86_64 0.1-13 5.00 55.00 60.00 OK
r-oldrel-macos-arm64 0.1-13 21.00 OK
r-oldrel-macos-x86_64 0.1-13 29.00 OK
r-oldrel-windows-x86_64 0.1-13 6.00 57.00 63.00 OK

Check Details

Version: 0.1-13
Check: CRAN incoming feasibility
Result: NOTE Maintainer: ‘Ryan T. Moore <rtm@american.edu>’ No Authors@R field in DESCRIPTION. Please add one, modifying Authors@R: c(person(given = c("Ryan", "T."), family = "Moore", role = c("aut", "cre"), email = "rtm@american.edu"), person(given = "Andrew", family = "Reeves", role = "aut", email = "reeves@wustl.edu")) as necessary. Flavors: r-devel-linux-x86_64-debian-clang, r-devel-linux-x86_64-debian-gcc