Last updated on 2025-04-30 04:50:12 CEST.
Flavor | Version | Tinstall | Tcheck | Ttotal | Status | Flags |
---|---|---|---|---|---|---|
r-devel-linux-x86_64-debian-clang | 0.1-10 | 2.86 | 35.02 | 37.88 | NOTE | |
r-devel-linux-x86_64-debian-gcc | 0.1-10 | 1.79 | 27.32 | 29.11 | NOTE | |
r-devel-linux-x86_64-fedora-clang | 0.1-10 | 63.10 | OK | |||
r-devel-linux-x86_64-fedora-gcc | 0.1-10 | 58.94 | OK | |||
r-devel-windows-x86_64 | 0.1-10 | 4.00 | 66.00 | 70.00 | OK | |
r-patched-linux-x86_64 | 0.1-10 | 2.83 | 32.51 | 35.34 | OK | |
r-release-linux-x86_64 | 0.1-10 | 2.45 | 33.12 | 35.57 | OK | |
r-release-macos-arm64 | 0.1-10 | 25.00 | OK | |||
r-release-macos-x86_64 | 0.1-10 | 37.00 | OK | |||
r-release-windows-x86_64 | 0.1-10 | 5.00 | 63.00 | 68.00 | OK | |
r-oldrel-macos-arm64 | 0.1-10 | 28.00 | OK | |||
r-oldrel-macos-x86_64 | 0.1-10 | 30.00 | OK | |||
r-oldrel-windows-x86_64 | 0.1-10 | 4.00 | 71.00 | 75.00 | OK |
Version: 0.1-10
Check: CRAN incoming feasibility
Result: NOTE
Maintainer: ‘Luciano Selzer <luciano.selzer@gmail.com>’
No Authors@R field in DESCRIPTION.
Please add one, modifying
Authors@R: c(person(given = "Spencer",
family = "Graves",
role = "aut"),
person(given = "Hans-Peter",
family = "Piepho",
role = "aut"),
person(given = c("Luciano", "Selzer", "with", "help", "from", "Sundar"),
family = "Dorai-Raj",
role = "aut"),
person(given = "Luciano",
family = "Selzer",
role = "cre",
email = "luciano.selzer@gmail.com"))
as necessary.
Flavors: r-devel-linux-x86_64-debian-clang, r-devel-linux-x86_64-debian-gcc
Version: 0.1-10
Check: examples
Result: NOTE
Examples with CPU (user + system) or elapsed time > 5s
user system elapsed
multcompLetters 6.246 0.031 6.786
Flavor: r-devel-linux-x86_64-debian-clang
Version: 0.1-10
Check: examples
Result: NOTE
Examples with CPU (user + system) or elapsed time > 5s
user system elapsed
multcompLetters 4.119 0.254 5.824
Flavor: r-devel-linux-x86_64-debian-gcc