Last updated on 2025-04-30 04:50:12 CEST.
Flavor | Version | Tinstall | Tcheck | Ttotal | Status | Flags |
---|---|---|---|---|---|---|
r-devel-linux-x86_64-debian-clang | 1.0.1 | 17.55 | 27.18 | 44.73 | NOTE | |
r-devel-linux-x86_64-debian-gcc | 1.0.1 | 13.20 | 20.99 | 34.19 | NOTE | |
r-devel-linux-x86_64-fedora-clang | 1.0.1 | 77.34 | OK | |||
r-devel-linux-x86_64-fedora-gcc | 1.0.1 | 81.10 | OK | |||
r-devel-windows-x86_64 | 1.0.1 | 23.00 | 71.00 | 94.00 | OK | |
r-patched-linux-x86_64 | 1.0.1 | 18.41 | 26.71 | 45.12 | OK | |
r-release-linux-x86_64 | 1.0.1 | 18.29 | 26.13 | 44.42 | OK | |
r-release-macos-arm64 | 1.0.1 | 27.00 | OK | |||
r-release-macos-x86_64 | 1.0.1 | 44.00 | OK | |||
r-release-windows-x86_64 | 1.0.1 | 23.00 | 68.00 | 91.00 | OK | |
r-oldrel-macos-arm64 | 1.0.1 | 29.00 | OK | |||
r-oldrel-macos-x86_64 | 1.0.1 | 36.00 | OK | |||
r-oldrel-windows-x86_64 | 1.0.1 | 26.00 | 86.00 | 112.00 | OK |
Version: 1.0.1
Check: CRAN incoming feasibility
Result: NOTE
Maintainer: ‘James Curran <j.curran@auckland.ac.nz>’
No Authors@R field in DESCRIPTION.
Please add one, modifying
Authors@R: c(person(given = "James",
family = "Curran",
role = c("aut", "cre"),
email = "j.curran@auckland.ac.nz"),
person(given = "Aaron",
family = "Williams",
role = "aut"),
person(given = "Jerome",
family = "Kelleher",
role = "aut"),
person(given = "Dave",
family = "Barber",
role = "aut"))
as necessary.
Flavors: r-devel-linux-x86_64-debian-clang, r-devel-linux-x86_64-debian-gcc