Last updated on 2025-04-30 04:50:12 CEST.
Flavor | Version | Tinstall | Tcheck | Ttotal | Status | Flags |
---|---|---|---|---|---|---|
r-devel-linux-x86_64-debian-clang | 0.1.3 | 12.48 | 190.66 | 203.14 | NOTE | |
r-devel-linux-x86_64-debian-gcc | 0.1.3 | 8.74 | 126.12 | 134.86 | OK | |
r-devel-linux-x86_64-fedora-clang | 0.1.3 | 336.86 | OK | |||
r-devel-linux-x86_64-fedora-gcc | 0.1.3 | 338.95 | OK | |||
r-devel-windows-x86_64 | 0.1.3 | 14.00 | 181.00 | 195.00 | OK | |
r-patched-linux-x86_64 | 0.1.3 | 11.60 | 176.40 | 188.00 | OK | |
r-release-linux-x86_64 | 0.1.3 | 11.69 | 174.92 | 186.61 | OK | |
r-release-macos-arm64 | 0.1.3 | 129.00 | OK | |||
r-release-macos-x86_64 | 0.1.3 | 200.00 | OK | |||
r-release-windows-x86_64 | 0.1.3 | 14.00 | 178.00 | 192.00 | OK | |
r-oldrel-macos-arm64 | 0.1.3 | 88.00 | OK | |||
r-oldrel-macos-x86_64 | 0.1.3 | 132.00 | OK | |||
r-oldrel-windows-x86_64 | 0.1.3 | 19.00 | 240.00 | 259.00 | OK |
Version: 0.1.3
Check: examples
Result: NOTE
Examples with CPU (user + system) or elapsed time > 5s
user system elapsed
mixed_mf 3.84 0.16 6.281
Flavor: r-devel-linux-x86_64-debian-clang