CRAN Package Check Results for Package multilevel

Last updated on 2025-04-30 04:50:12 CEST.

Flavor Version Tinstall Tcheck Ttotal Status Flags
r-devel-linux-x86_64-debian-clang 2.7 4.14 66.72 70.86 NOTE
r-devel-linux-x86_64-debian-gcc 2.7 3.28 45.48 48.76 NOTE
r-devel-linux-x86_64-fedora-clang 2.7 108.92 OK
r-devel-linux-x86_64-fedora-gcc 2.7 114.55 OK
r-devel-windows-x86_64 2.7 6.00 96.00 102.00 NOTE
r-patched-linux-x86_64 2.7 3.95 63.11 67.06 NOTE
r-release-linux-x86_64 2.7 3.24 63.19 66.43 NOTE
r-release-macos-arm64 2.7 38.00 OK
r-release-macos-x86_64 2.7 62.00 OK
r-release-windows-x86_64 2.7 6.00 102.00 108.00 NOTE
r-oldrel-macos-arm64 2.7 32.00 OK
r-oldrel-macos-x86_64 2.7 52.00 OK
r-oldrel-windows-x86_64 2.7 6.00 108.00 114.00 OK

Check Details

Version: 2.7
Check: Rd cross-references
Result: NOTE Found the following Rd file(s) with Rd \link{} targets missing package anchors: gmeanrel.Rd: lme Please provide package anchors for all Rd \link{} targets not in the package itself and the base packages. Flavors: r-devel-linux-x86_64-debian-clang, r-devel-linux-x86_64-debian-gcc, r-devel-windows-x86_64, r-patched-linux-x86_64, r-release-linux-x86_64, r-release-windows-x86_64