CRAN Package Check Results for Package multimode

Last updated on 2025-04-30 04:50:12 CEST.

Flavor Version Tinstall Tcheck Ttotal Status Flags
r-devel-linux-x86_64-debian-clang 1.5 10.59 80.72 91.31 NOTE
r-devel-linux-x86_64-debian-gcc 1.5 7.55 57.47 65.02 NOTE
r-devel-linux-x86_64-fedora-clang 1.5 138.83 OK
r-devel-linux-x86_64-fedora-gcc 1.5 137.56 OK
r-devel-windows-x86_64 1.5 14.00 105.00 119.00 OK
r-patched-linux-x86_64 1.5 11.24 75.70 86.94 OK
r-release-linux-x86_64 1.5 11.13 76.07 87.20 OK
r-release-macos-arm64 1.5 47.00 OK
r-release-macos-x86_64 1.5 80.00 OK
r-release-windows-x86_64 1.5 14.00 104.00 118.00 OK
r-oldrel-macos-arm64 1.5 43.00 OK
r-oldrel-macos-x86_64 1.5 64.00 OK
r-oldrel-windows-x86_64 1.5 16.00 123.00 139.00 OK

Check Details

Version: 1.5
Check: CRAN incoming feasibility
Result: NOTE Maintainer: ‘Jose Ameijeiras-Alonso <jose.ameijeiras@usc.es>’ No Authors@R field in DESCRIPTION. Please add one, modifying Authors@R: c(person(given = "Jose", family = "Ameijeiras-Alonso", role = c("aut", "cre"), email = "jose.ameijeiras@usc.es"), person(given = c("Rosa", "M."), family = "Crujeiras", role = "aut"), person(given = "Alberto", family = "Rodríguez-Casal", role = "aut"), person(given = c("The", "R", "Core", "Team"), family = "1996-2012", role = c("ctb", "cph"), comment = "C function 'BinDist2' obtained from package 'stats'"), person(given = c("The", "R", "Foundation"), family = "2005", role = c("ctb", "cph"), comment = "C function 'BinDist2' obtained from package 'stats'")) as necessary. Flavors: r-devel-linux-x86_64-debian-clang, r-devel-linux-x86_64-debian-gcc