Last updated on 2025-02-21 03:52:20 CET.
Flavor | Version | Tinstall | Tcheck | Ttotal | Status | Flags |
---|---|---|---|---|---|---|
r-devel-linux-x86_64-debian-clang | 0.2.6 | 53.00 | 186.07 | 239.07 | OK | |
r-devel-linux-x86_64-debian-gcc | 0.2.6 | 38.77 | 122.14 | 160.91 | OK | |
r-devel-linux-x86_64-fedora-clang | 0.2.6 | 437.12 | OK | |||
r-devel-linux-x86_64-fedora-gcc | 0.2.6 | 426.89 | OK | |||
r-devel-macos-arm64 | 0.2.6 | 108.00 | OK | |||
r-devel-macos-x86_64 | 0.2.6 | 230.00 | OK | |||
r-devel-windows-x86_64 | 0.2.6 | 56.00 | 242.00 | 298.00 | OK | |
r-patched-linux-x86_64 | 0.2.6 | 55.88 | 174.47 | 230.35 | OK | |
r-release-linux-x86_64 | 0.2.6 | 55.68 | 173.99 | 229.67 | OK | |
r-release-macos-arm64 | 0.2.6 | 108.00 | NOTE | |||
r-release-macos-x86_64 | 0.2.6 | 181.00 | NOTE | |||
r-release-windows-x86_64 | 0.2.6 | 57.00 | 241.00 | 298.00 | OK | |
r-oldrel-macos-arm64 | 0.2.6 | 115.00 | NOTE | |||
r-oldrel-macos-x86_64 | 0.2.6 | 297.00 | NOTE | |||
r-oldrel-windows-x86_64 | 0.2.6 | 69.00 | 284.00 | 353.00 | OK |
Version: 0.2.6
Check: installed package size
Result: NOTE
installed size is 6.1Mb
sub-directories of 1Mb or more:
libs 4.7Mb
Flavors: r-release-macos-arm64, r-release-macos-x86_64, r-oldrel-macos-arm64, r-oldrel-macos-x86_64