CRAN Package Check Results for Package multisom

Last updated on 2025-04-30 04:50:12 CEST.

Flavor Version Tinstall Tcheck Ttotal Status Flags
r-devel-linux-x86_64-debian-clang 1.3 8.34 46.65 54.99 NOTE
r-devel-linux-x86_64-debian-gcc 1.3 6.26 30.91 37.17 NOTE
r-devel-linux-x86_64-fedora-clang 1.3 85.91 OK
r-devel-linux-x86_64-fedora-gcc 1.3 85.95 OK
r-devel-windows-x86_64 1.3 9.00 61.00 70.00 OK
r-patched-linux-x86_64 1.3 9.33 44.90 54.23 OK
r-release-linux-x86_64 1.3 8.50 43.45 51.95 OK
r-release-macos-arm64 1.3 28.00 OK
r-release-macos-x86_64 1.3 63.00 OK
r-release-windows-x86_64 1.3 9.00 59.00 68.00 OK
r-oldrel-macos-arm64 1.3 24.00 OK
r-oldrel-macos-x86_64 1.3 43.00 OK
r-oldrel-windows-x86_64 1.3 11.00 64.00 75.00 OK

Check Details

Version: 1.3
Check: CRAN incoming feasibility
Result: NOTE Maintainer: ‘Sarra Chair <sarra.chair@gmail.com>’ No Authors@R field in DESCRIPTION. Please add one, modifying Authors@R: c(person(given = "Sarra", family = "Chair", role = c("aut", "cre"), email = "sarra.chair@gmail.com"), person(given = "Malika", family = "Charrad", role = "aut")) as necessary. Flavors: r-devel-linux-x86_64-debian-clang, r-devel-linux-x86_64-debian-gcc