Last updated on 2025-04-30 04:50:12 CEST.
Flavor | Version | Tinstall | Tcheck | Ttotal | Status | Flags |
---|---|---|---|---|---|---|
r-devel-linux-x86_64-debian-clang | 0.5.1 | 2.39 | 42.72 | 45.11 | NOTE | |
r-devel-linux-x86_64-debian-gcc | 0.5.1 | 2.06 | 30.80 | 32.86 | NOTE | |
r-devel-linux-x86_64-fedora-clang | 0.5.1 | 67.58 | OK | |||
r-devel-linux-x86_64-fedora-gcc | 0.5.1 | 65.81 | OK | |||
r-devel-windows-x86_64 | 0.5.1 | 4.00 | 65.00 | 69.00 | OK | |
r-patched-linux-x86_64 | 0.5.1 | 2.66 | 39.08 | 41.74 | OK | |
r-release-linux-x86_64 | 0.5.1 | 2.36 | 38.81 | 41.17 | OK | |
r-release-macos-arm64 | 0.5.1 | 25.00 | OK | |||
r-release-macos-x86_64 | 0.5.1 | 63.00 | OK | |||
r-release-windows-x86_64 | 0.5.1 | 3.00 | 62.00 | 65.00 | OK | |
r-oldrel-macos-arm64 | 0.5.1 | 27.00 | OK | |||
r-oldrel-macos-x86_64 | 0.5.1 | 43.00 | OK | |||
r-oldrel-windows-x86_64 | 0.5.1 | 3.00 | 73.00 | 76.00 | OK |
Version: 0.5.1
Check: CRAN incoming feasibility
Result: NOTE
Maintainer: ‘Charlotte Wickham <cwickham@gmail.com>’
No Authors@R field in DESCRIPTION.
Please add one, modifying
Authors@R: person(given = "Charlotte",
family = "Wickham",
role = c("aut", "cre"),
email = "cwickham@gmail.com")
as necessary.
Flavors: r-devel-linux-x86_64-debian-clang, r-devel-linux-x86_64-debian-gcc