Last updated on 2025-04-30 04:50:12 CEST.
Flavor | Version | Tinstall | Tcheck | Ttotal | Status | Flags |
---|---|---|---|---|---|---|
r-devel-linux-x86_64-debian-clang | 1.2.5 | 3.94 | 123.14 | 127.08 | NOTE | |
r-devel-linux-x86_64-debian-gcc | 1.2.5 | 2.84 | 87.14 | 89.98 | NOTE | |
r-devel-linux-x86_64-fedora-clang | 1.2.5 | 202.36 | OK | |||
r-devel-linux-x86_64-fedora-gcc | 1.2.5 | 211.11 | OK | |||
r-devel-windows-x86_64 | 1.2.5 | 6.00 | 140.00 | 146.00 | OK | |
r-patched-linux-x86_64 | 1.2.5 | 4.77 | 118.11 | 122.88 | OK | |
r-release-linux-x86_64 | 1.2.5 | 3.22 | 116.52 | 119.74 | OK | |
r-release-macos-arm64 | 1.2.5 | 127.00 | OK | |||
r-release-macos-x86_64 | 1.2.5 | 130.00 | OK | |||
r-release-windows-x86_64 | 1.2.5 | 6.00 | 139.00 | 145.00 | OK | |
r-oldrel-macos-arm64 | 1.2.5 | 71.00 | OK | |||
r-oldrel-macos-x86_64 | 1.2.5 | 105.00 | OK | |||
r-oldrel-windows-x86_64 | 1.2.5 | 7.00 | 174.00 | 181.00 | OK |
Version: 1.2.5
Check: CRAN incoming feasibility
Result: NOTE
Maintainer: ‘Alessandro Santuz <alessandro.santuz@gmail.com>’
Package CITATION file contains call(s) to old-style citEntry(). Please
use bibentry() instead.
Flavors: r-devel-linux-x86_64-debian-clang, r-devel-linux-x86_64-debian-gcc
Version: 1.2.5
Check: examples
Result: NOTE
Examples with CPU (user + system) or elapsed time > 5s
user system elapsed
sMLE 5.364 0.003 6.165
Flavor: r-devel-linux-x86_64-debian-clang