Last updated on 2025-04-30 04:50:12 CEST.
Flavor | Version | Tinstall | Tcheck | Ttotal | Status | Flags |
---|---|---|---|---|---|---|
r-devel-linux-x86_64-debian-clang | 0.0.4 | 7.15 | 82.07 | 89.22 | NOTE | |
r-devel-linux-x86_64-debian-gcc | 0.0.4 | 5.91 | 60.59 | 66.50 | NOTE | |
r-devel-linux-x86_64-fedora-clang | 0.0.4 | 140.41 | NOTE | |||
r-devel-linux-x86_64-fedora-gcc | 0.0.4 | 148.88 | NOTE | |||
r-devel-windows-x86_64 | 0.0.4 | 9.00 | 92.00 | 101.00 | NOTE | |
r-patched-linux-x86_64 | 0.0.4 | 7.92 | 78.51 | 86.43 | NOTE | |
r-release-linux-x86_64 | 0.0.4 | 7.02 | 78.77 | 85.79 | NOTE | |
r-release-macos-arm64 | 0.0.4 | 58.00 | NOTE | |||
r-release-macos-x86_64 | 0.0.4 | 137.00 | NOTE | |||
r-release-windows-x86_64 | 0.0.4 | 9.00 | 92.00 | 101.00 | NOTE | |
r-oldrel-macos-arm64 | 0.0.4 | 48.00 | OK | |||
r-oldrel-macos-x86_64 | 0.0.4 | 75.00 | OK | |||
r-oldrel-windows-x86_64 | 0.0.4 | 10.00 | 113.00 | 123.00 | OK |
Version: 0.0.4
Check: DESCRIPTION meta-information
Result: NOTE
Missing dependency on R >= 4.1.0 because package code uses the pipe
|> or function shorthand \(...) syntax added in R 4.1.0.
File(s) using such syntax:
‘DFA.R’ ‘mvDFA.R’ ‘simulate_Lorenz_noise.R’
Flavors: r-devel-linux-x86_64-debian-clang, r-devel-linux-x86_64-debian-gcc, r-devel-linux-x86_64-fedora-clang, r-devel-linux-x86_64-fedora-gcc, r-devel-windows-x86_64, r-patched-linux-x86_64, r-release-linux-x86_64, r-release-macos-arm64, r-release-macos-x86_64, r-release-windows-x86_64