Last updated on 2025-04-30 04:50:12 CEST.
Flavor | Version | Tinstall | Tcheck | Ttotal | Status | Flags |
---|---|---|---|---|---|---|
r-devel-linux-x86_64-debian-clang | 2.0.3 | 186.85 | 86.44 | 273.29 | OK | |
r-devel-linux-x86_64-debian-gcc | 2.0.3 | 127.40 | 64.76 | 192.16 | OK | |
r-devel-linux-x86_64-fedora-clang | 2.0.3 | 536.90 | OK | |||
r-devel-linux-x86_64-fedora-gcc | 2.0.3 | 503.47 | OK | |||
r-devel-windows-x86_64 | 2.0.3 | 219.00 | 135.00 | 354.00 | OK | |
r-patched-linux-x86_64 | 2.0.3 | 178.28 | 82.25 | 260.53 | OK | |
r-release-linux-x86_64 | 2.0.3 | 175.94 | 81.33 | 257.27 | OK | |
r-release-macos-arm64 | 2.0.3 | 110.00 | OK | |||
r-release-macos-x86_64 | 2.0.3 | 182.00 | OK | |||
r-release-windows-x86_64 | 2.0.3 | 221.00 | 123.00 | 344.00 | OK | |
r-oldrel-macos-arm64 | 2.0.3 | 64.00 | NOTE | |||
r-oldrel-macos-x86_64 | 2.0.3 | 97.00 | NOTE | |||
r-oldrel-windows-x86_64 | 2.0.3 | 241.00 | 169.00 | 410.00 | OK |
Version: 2.0.3
Check: installed package size
Result: NOTE
installed size is 13.3Mb
sub-directories of 1Mb or more:
libs 12.0Mb
Flavors: r-oldrel-macos-arm64, r-oldrel-macos-x86_64