Last updated on 2025-07-05 04:50:20 CEST.
Flavor | Version | Tinstall | Tcheck | Ttotal | Status | Flags |
---|---|---|---|---|---|---|
r-devel-linux-x86_64-debian-clang | 2.7.6 | 30.63 | 224.12 | 254.75 | NOTE | |
r-devel-linux-x86_64-debian-gcc | 2.7.6 | 17.36 | 148.78 | 166.14 | NOTE | |
r-devel-linux-x86_64-fedora-clang | 2.7.6 | 400.82 | OK | |||
r-devel-linux-x86_64-fedora-gcc | 2.7.6 | 371.09 | OK | |||
r-devel-windows-x86_64 | 2.7.6 | 28.00 | 184.00 | 212.00 | NOTE | |
r-patched-linux-x86_64 | 2.7.6 | 28.54 | 206.60 | 235.14 | NOTE | |
r-release-linux-x86_64 | 2.7.6 | 26.24 | 209.84 | 236.08 | NOTE | |
r-release-macos-arm64 | 2.7.6 | 109.00 | OK | |||
r-release-macos-x86_64 | 2.7.6 | 278.00 | OK | |||
r-release-windows-x86_64 | 2.7.6 | 30.00 | 184.00 | 214.00 | NOTE | |
r-oldrel-macos-arm64 | 2.7.6 | 94.00 | OK | |||
r-oldrel-macos-x86_64 | 2.7.6 | 190.00 | OK | |||
r-oldrel-windows-x86_64 | 2.7.6 | 40.00 | 241.00 | 281.00 | OK |
Version: 2.7.6
Check: Rd cross-references
Result: NOTE
Found the following Rd file(s) with Rd \link{} targets missing package
anchors:
phyltree_paths.Rd: ape
Please provide package anchors for all Rd \link{} targets not in the
package itself and the base packages.
Flavors: r-devel-linux-x86_64-debian-clang, r-devel-linux-x86_64-debian-gcc, r-devel-windows-x86_64, r-patched-linux-x86_64, r-release-linux-x86_64, r-release-windows-x86_64