Last updated on 2025-04-30 04:50:12 CEST.
Flavor | Version | Tinstall | Tcheck | Ttotal | Status | Flags |
---|---|---|---|---|---|---|
r-devel-linux-x86_64-debian-clang | 4.2.1 | 53.69 | 144.45 | 198.14 | NOTE | |
r-devel-linux-x86_64-debian-gcc | 4.2.1 | 35.11 | 95.31 | 130.42 | NOTE | |
r-devel-linux-x86_64-fedora-clang | 4.2.1 | 350.98 | NOTE | |||
r-devel-linux-x86_64-fedora-gcc | 4.2.1 | 327.94 | NOTE | |||
r-devel-windows-x86_64 | 4.2.1 | 62.00 | 192.00 | 254.00 | NOTE | |
r-patched-linux-x86_64 | 4.2.1 | 51.84 | 140.13 | 191.97 | NOTE | |
r-release-linux-x86_64 | 4.2.1 | 50.45 | 139.50 | 189.95 | NOTE | |
r-release-macos-arm64 | 4.2.1 | 75.00 | NOTE | |||
r-release-macos-x86_64 | 4.2.1 | 144.00 | NOTE | |||
r-release-windows-x86_64 | 4.2.1 | 65.00 | 194.00 | 259.00 | NOTE | |
r-oldrel-macos-arm64 | 4.2.1 | 76.00 | NOTE | |||
r-oldrel-macos-x86_64 | 4.2.1 | 110.00 | NOTE | |||
r-oldrel-windows-x86_64 | 4.2.1 | 72.00 | 222.00 | 294.00 | NOTE |
Version: 4.2.1
Check: C++ specification
Result: NOTE
Specified C++11: please drop specification unless essential
Flavors: r-devel-linux-x86_64-debian-clang, r-devel-linux-x86_64-debian-gcc, r-devel-linux-x86_64-fedora-clang, r-devel-linux-x86_64-fedora-gcc, r-devel-windows-x86_64, r-patched-linux-x86_64, r-release-linux-x86_64, r-release-macos-arm64, r-release-macos-x86_64, r-release-windows-x86_64, r-oldrel-macos-arm64, r-oldrel-macos-x86_64, r-oldrel-windows-x86_64
Version: 4.2.1
Check: Rd files
Result: NOTE
checkRd: (-1) cv.glm1path.Rd:74: Lost braces
74 | \code{\link{glm1path}}, \\code{\link{glm1}}, \code{\link{glm}}, \code{\link{family}}
| ^
Flavors: r-devel-linux-x86_64-debian-clang, r-devel-linux-x86_64-debian-gcc, r-devel-linux-x86_64-fedora-clang, r-devel-linux-x86_64-fedora-gcc, r-devel-windows-x86_64, r-patched-linux-x86_64, r-release-linux-x86_64, r-release-macos-arm64, r-release-macos-x86_64, r-release-windows-x86_64, r-oldrel-macos-arm64, r-oldrel-macos-x86_64, r-oldrel-windows-x86_64
Version: 4.2.1
Check: examples
Result: NOTE
Examples with CPU (user + system) or elapsed time > 5s
user system elapsed
anova.manyany 5.618 0.033 6.887
Flavor: r-devel-linux-x86_64-debian-clang
Version: 4.2.1
Check: installed package size
Result: NOTE
installed size is 6.4Mb
sub-directories of 1Mb or more:
libs 5.3Mb
Flavors: r-oldrel-macos-arm64, r-oldrel-macos-x86_64