Last updated on 2025-02-21 03:52:20 CET.
Flavor | Version | Tinstall | Tcheck | Ttotal | Status | Flags |
---|---|---|---|---|---|---|
r-devel-linux-x86_64-debian-clang | 4.2.1 | 52.81 | 142.95 | 195.76 | NOTE | |
r-devel-linux-x86_64-debian-gcc | 4.2.1 | 34.34 | 92.09 | 126.43 | NOTE | |
r-devel-linux-x86_64-fedora-clang | 4.2.1 | 349.46 | NOTE | |||
r-devel-linux-x86_64-fedora-gcc | 4.2.1 | 320.45 | NOTE | |||
r-devel-macos-arm64 | 4.2.1 | 73.00 | NOTE | |||
r-devel-macos-x86_64 | 4.2.1 | 147.00 | NOTE | |||
r-devel-windows-x86_64 | 4.2.1 | 60.00 | 188.00 | 248.00 | NOTE | |
r-patched-linux-x86_64 | 4.2.1 | 52.35 | 137.07 | 189.42 | NOTE | |
r-release-linux-x86_64 | 4.2.1 | 47.79 | 137.52 | 185.31 | NOTE | |
r-release-macos-arm64 | 4.2.1 | 76.00 | NOTE | |||
r-release-macos-x86_64 | 4.2.1 | 110.00 | NOTE | |||
r-release-windows-x86_64 | 4.2.1 | 52.00 | 177.00 | 229.00 | NOTE | |
r-oldrel-macos-arm64 | 4.2.1 | 94.00 | NOTE | |||
r-oldrel-macos-x86_64 | 4.2.1 | 174.00 | NOTE | |||
r-oldrel-windows-x86_64 | 4.2.1 | 70.00 | 222.00 | 292.00 | NOTE |
Version: 4.2.1
Check: C++ specification
Result: NOTE
Specified C++11: please drop specification unless essential
Flavors: r-devel-linux-x86_64-debian-clang, r-devel-linux-x86_64-debian-gcc, r-devel-linux-x86_64-fedora-clang, r-devel-linux-x86_64-fedora-gcc, r-devel-macos-arm64, r-devel-macos-x86_64, r-devel-windows-x86_64, r-patched-linux-x86_64, r-release-linux-x86_64, r-release-macos-arm64, r-release-macos-x86_64, r-release-windows-x86_64, r-oldrel-macos-arm64, r-oldrel-macos-x86_64, r-oldrel-windows-x86_64
Version: 4.2.1
Check: Rd files
Result: NOTE
checkRd: (-1) cv.glm1path.Rd:74: Lost braces
74 | \code{\link{glm1path}}, \\code{\link{glm1}}, \code{\link{glm}}, \code{\link{family}}
| ^
Flavors: r-devel-linux-x86_64-debian-clang, r-devel-linux-x86_64-debian-gcc, r-devel-linux-x86_64-fedora-clang, r-devel-linux-x86_64-fedora-gcc, r-devel-macos-arm64, r-devel-macos-x86_64, r-devel-windows-x86_64, r-patched-linux-x86_64, r-release-linux-x86_64, r-release-macos-arm64, r-release-macos-x86_64, r-release-windows-x86_64
Version: 4.2.1
Check: installed package size
Result: NOTE
installed size is 6.4Mb
sub-directories of 1Mb or more:
libs 5.3Mb
Flavors: r-release-macos-arm64, r-release-macos-x86_64, r-oldrel-macos-arm64, r-oldrel-macos-x86_64