Last updated on 2025-04-30 04:50:12 CEST.
Flavor | Version | Tinstall | Tcheck | Ttotal | Status | Flags |
---|---|---|---|---|---|---|
r-devel-linux-x86_64-debian-clang | 2.8.232 | 3.43 | 89.22 | 92.65 | NOTE | |
r-devel-linux-x86_64-debian-gcc | 2.8.232 | 2.86 | 56.84 | 59.70 | NOTE | |
r-devel-linux-x86_64-fedora-clang | 2.8.232 | 147.26 | OK | |||
r-devel-linux-x86_64-fedora-gcc | 2.8.232 | 151.79 | OK | |||
r-devel-windows-x86_64 | 2.8.232 | 5.00 | 109.00 | 114.00 | OK | |
r-patched-linux-x86_64 | 2.8.232 | 6.76 | 82.65 | 89.41 | OK | |
r-release-linux-x86_64 | 2.8.232 | 3.46 | 84.44 | 87.90 | OK | |
r-release-macos-arm64 | 2.8.232 | 66.00 | OK | |||
r-release-macos-x86_64 | 2.8.232 | 157.00 | OK | |||
r-release-windows-x86_64 | 2.8.232 | 7.00 | 111.00 | 118.00 | OK | |
r-oldrel-macos-arm64 | 2.8.232 | 55.00 | OK | |||
r-oldrel-macos-x86_64 | 2.8.232 | 115.00 | OK | |||
r-oldrel-windows-x86_64 | 2.8.232 | 5.00 | 101.00 | 106.00 | OK |
Version: 2.8.232
Check: CRAN incoming feasibility
Result: NOTE
Maintainer: ‘Mark V. Bravington <mark.bravington@csiro.au>’
No Authors@R field in DESCRIPTION.
Please add one, modifying
Authors@R: person(given = c("Mark", "V."),
family = "Bravington",
role = c("aut", "cre"),
email = "mark.bravington@csiro.au")
as necessary.
Flavors: r-devel-linux-x86_64-debian-clang, r-devel-linux-x86_64-debian-gcc
Version: 2.8.232
Check: examples
Result: NOTE
Examples with CPU (user + system) or elapsed time > 5s
user system elapsed
foodweb 5.882 0.142 6.958
Flavor: r-devel-linux-x86_64-debian-clang