CRAN Package Check Results for Package mvctm

Last updated on 2025-04-30 04:50:12 CEST.

Flavor Version Tinstall Tcheck Ttotal Status Flags
r-devel-linux-x86_64-debian-clang 1.2 9.17 78.41 87.58 NOTE
r-devel-linux-x86_64-debian-gcc 1.2 7.73 57.05 64.78 NOTE
r-devel-linux-x86_64-fedora-clang 1.2 138.64 OK
r-devel-linux-x86_64-fedora-gcc 1.2 131.55 OK
r-devel-windows-x86_64 1.2 10.00 92.00 102.00 OK
r-patched-linux-x86_64 1.2 9.46 74.94 84.40 OK
r-release-linux-x86_64 1.2 9.10 74.51 83.61 OK
r-release-macos-arm64 1.2 43.00 OK
r-release-macos-x86_64 1.2 98.00 OK
r-release-windows-x86_64 1.2 10.00 90.00 100.00 OK
r-oldrel-macos-arm64 1.2 38.00 OK
r-oldrel-macos-x86_64 1.2 60.00 OK
r-oldrel-windows-x86_64 1.2 12.00 109.00 121.00 OK

Check Details

Version: 1.2
Check: CRAN incoming feasibility
Result: NOTE Maintainer: ‘Denis Larocque <denis.larocque@hec.ca>’ No Authors@R field in DESCRIPTION. Please add one, modifying Authors@R: person(given = "Denis", family = "Larocque", role = c("aut", "cre"), email = "denis.larocque@hec.ca") as necessary. Flavors: r-devel-linux-x86_64-debian-clang, r-devel-linux-x86_64-debian-gcc