CRAN Package Check Results for Package mvgam

Last updated on 2025-04-30 04:50:12 CEST.

Flavor Version Tinstall Tcheck Ttotal Status Flags
r-devel-linux-x86_64-debian-clang 1.1.51 84.16 323.90 408.06 OK
r-devel-linux-x86_64-debian-gcc 1.1.51 59.36 220.28 279.64 OK
r-devel-linux-x86_64-fedora-clang 1.1.51 688.11 OK
r-devel-linux-x86_64-fedora-gcc 1.1.51 660.80 OK
r-devel-windows-x86_64 1.1.51 83.00 312.00 395.00 OK
r-patched-linux-x86_64 1.1.51 83.56 305.19 388.75 OK
r-release-linux-x86_64 1.1.51 83.51 302.59 386.10 OK
r-release-macos-arm64 1.1.51 164.00 OK
r-release-macos-x86_64 1.1.51 437.00 OK
r-release-windows-x86_64 1.1.51 85.00 320.00 405.00 OK
r-oldrel-macos-arm64 1.1.51 187.00 NOTE
r-oldrel-macos-x86_64 1.1.51 474.00 NOTE
r-oldrel-windows-x86_64 1.1.51 110.00 410.00 520.00 NOTE

Check Details

Version: 1.1.51
Check: package dependencies
Result: NOTE Package suggested but not available for checking: ‘cmdstanr’ Flavors: r-oldrel-macos-arm64, r-oldrel-macos-x86_64, r-oldrel-windows-x86_64

Version: 1.1.51
Check: installed package size
Result: NOTE installed size is 13.6Mb sub-directories of 1Mb or more: R 9.1Mb doc 2.0Mb libs 1.8Mb Flavors: r-oldrel-macos-arm64, r-oldrel-macos-x86_64, r-oldrel-windows-x86_64