Last updated on 2025-11-03 03:49:48 CET.
| Flavor | Version | Tinstall | Tcheck | Ttotal | Status | Flags |
|---|---|---|---|---|---|---|
| r-devel-linux-x86_64-debian-clang | 1.1.593 | 84.61 | 343.75 | 428.36 | OK | |
| r-devel-linux-x86_64-debian-gcc | 1.1.593 | 57.07 | 241.68 | 298.75 | OK | |
| r-devel-linux-x86_64-fedora-clang | 1.1.593 | 168.00 | 521.67 | 689.67 | OK | |
| r-devel-linux-x86_64-fedora-gcc | 1.1.593 | 395.00 | 299.28 | 694.28 | OK | |
| r-devel-windows-x86_64 | 1.1.593 | 89.00 | 331.00 | 420.00 | OK | |
| r-patched-linux-x86_64 | 1.1.593 | 82.20 | 327.81 | 410.01 | OK | |
| r-release-linux-x86_64 | 1.1.593 | 79.01 | 330.77 | 409.78 | OK | |
| r-release-macos-arm64 | 1.1.593 | 45.00 | 123.00 | 168.00 | OK | |
| r-release-macos-x86_64 | 1.1.593 | 83.00 | 295.00 | 378.00 | OK | |
| r-release-windows-x86_64 | 1.1.593 | 93.00 | 323.00 | 416.00 | OK | |
| r-oldrel-macos-arm64 | 1.1.593 | 41.00 | 126.00 | 167.00 | NOTE | |
| r-oldrel-macos-x86_64 | 1.1.593 | 82.00 | 277.00 | 359.00 | NOTE | |
| r-oldrel-windows-x86_64 | 1.1.593 | 118.00 | 432.00 | 550.00 | NOTE |
Version: 1.1.593
Check: package dependencies
Result: NOTE
Package suggested but not available for checking: ‘cmdstanr’
Flavors: r-oldrel-macos-arm64, r-oldrel-macos-x86_64, r-oldrel-windows-x86_64
Version: 1.1.593
Check: installed package size
Result: NOTE
installed size is 13.6Mb
sub-directories of 1Mb or more:
R 9.0Mb
doc 2.0Mb
libs 1.8Mb
Flavors: r-oldrel-macos-arm64, r-oldrel-macos-x86_64, r-oldrel-windows-x86_64