Last updated on 2025-04-30 04:50:12 CEST.
Flavor | Version | Tinstall | Tcheck | Ttotal | Status | Flags |
---|---|---|---|---|---|---|
r-devel-linux-x86_64-debian-clang | 1.6 | 5.15 | 44.81 | 49.96 | NOTE | |
r-devel-linux-x86_64-debian-gcc | 1.6 | 4.20 | 33.59 | 37.79 | NOTE | |
r-devel-linux-x86_64-fedora-clang | 1.6 | 80.84 | OK | |||
r-devel-linux-x86_64-fedora-gcc | 1.6 | 77.80 | OK | |||
r-devel-windows-x86_64 | 1.6 | 8.00 | 61.00 | 69.00 | OK | |
r-patched-linux-x86_64 | 1.6 | 5.47 | 42.80 | 48.27 | OK | |
r-release-linux-x86_64 | 1.6 | 5.51 | 42.29 | 47.80 | OK | |
r-release-macos-arm64 | 1.6 | 25.00 | OK | |||
r-release-macos-x86_64 | 1.6 | 40.00 | OK | |||
r-release-windows-x86_64 | 1.6 | 7.00 | 65.00 | 72.00 | OK | |
r-oldrel-macos-arm64 | 1.6 | 24.00 | OK | |||
r-oldrel-macos-x86_64 | 1.6 | 35.00 | OK | |||
r-oldrel-windows-x86_64 | 1.6 | 8.00 | 70.00 | 78.00 | OK |
Version: 1.6
Check: CRAN incoming feasibility
Result: NOTE
Maintainer: ‘John P. Nolan <jpnolan@american.edu>’
No Authors@R field in DESCRIPTION.
Please add one, modifying
Authors@R: person(given = c("John", "P."),
family = "Nolan",
role = c("aut", "cre"),
email = "jpnolan@american.edu")
as necessary.
Flavors: r-devel-linux-x86_64-debian-clang, r-devel-linux-x86_64-debian-gcc