Last updated on 2025-04-30 04:50:12 CEST.
Flavor | Version | Tinstall | Tcheck | Ttotal | Status | Flags |
---|---|---|---|---|---|---|
r-devel-linux-x86_64-debian-clang | 1.0.3 | 3.59 | 48.29 | 51.88 | NOTE | |
r-devel-linux-x86_64-debian-gcc | 1.0.3 | 2.87 | 34.07 | 36.94 | NOTE | |
r-devel-linux-x86_64-fedora-clang | 1.0.3 | 83.41 | OK | |||
r-devel-linux-x86_64-fedora-gcc | 1.0.3 | 76.51 | OK | |||
r-devel-windows-x86_64 | 1.0.3 | 5.00 | 79.00 | 84.00 | OK | |
r-patched-linux-x86_64 | 1.0.3 | 4.78 | 44.51 | 49.29 | OK | |
r-release-linux-x86_64 | 1.0.3 | 4.14 | 44.67 | 48.81 | OK | |
r-release-macos-arm64 | 1.0.3 | 27.00 | OK | |||
r-release-macos-x86_64 | 1.0.3 | 42.00 | OK | |||
r-release-windows-x86_64 | 1.0.3 | 6.00 | 73.00 | 79.00 | OK | |
r-oldrel-macos-arm64 | 1.0.3 | 24.00 | OK | |||
r-oldrel-macos-x86_64 | 1.0.3 | 38.00 | OK | |||
r-oldrel-windows-x86_64 | 1.0.3 | 6.00 | 83.00 | 89.00 | OK |
Version: 1.0.3
Check: CRAN incoming feasibility
Result: NOTE
Maintainer: ‘Antonio Gasparrini <antonio.gasparrini@lshtm.ac.uk>’
No Authors@R field in DESCRIPTION.
Please add one, modifying
Authors@R: person(given = "Antonio",
family = "Gasparrini",
role = c("aut", "cre"),
email = "antonio.gasparrini@lshtm.ac.uk")
as necessary.
Package CITATION file contains call(s) to old-style personList() or
as.personList(). Please use c() on person objects instead.
Package CITATION file contains call(s) to old-style citEntry(). Please
use bibentry() instead.
Flavors: r-devel-linux-x86_64-debian-clang, r-devel-linux-x86_64-debian-gcc